{"id":10352,"date":"2016-04-08T23:58:23","date_gmt":"2016-04-08T23:58:23","guid":{"rendered":"http:\/\/www.ivanabeaumond.com.br\/vestidos-noiva\/?page_id=10352"},"modified":"2018-08-27T15:46:00","modified_gmt":"2018-08-27T18:46:00","slug":"aluguel-vestido-noiva-tijuca","status":"publish","type":"page","link":"https:\/\/www.ivanabeaumond.com.br\/vestidos-noiva\/aluguel-vestido-noiva-tijuca\/","title":{"rendered":"Cole\u00e7\u00e3o Jasmim"},"content":{"rendered":"[vc_row][vc_column width=&#8221;1\/1&#8243;][vc_column_text]\n<h1 style=\"text-align: center;\">VESTIDOS DE NOIVA COLE\u00c7\u00c3O JASMIM<\/h1>\n[\/vc_column_text][vc_empty_space height=&#8221;10px&#8221;][vc_column_text]\n<h5 style=\"text-align: justify;\">Os modelos de <em><strong>vestidos de noiva<\/strong><\/em> da Cole\u00e7\u00e3o Jasmim foram inspirados na Flor que \u00e9 uma verdadeira d\u00e1diva da natureza. Qualquer que seja o estilo, data e hora do seu casamento, aqui voc\u00ea encontrar\u00e1 o modelo perfeito para o seu grande dia.<\/h5>\n[\/vc_column_text][vc_single_image image=&#8221;10793&#8243; alignment=&#8221;center&#8221; border_color=&#8221;grey&#8221; img_link_large=&#8221;&#8221; img_link_target=&#8221;_self&#8221; img_size=&#8221;full&#8221;][vc_gallery type=&#8221;image_grid&#8221; interval=&#8221;3&#8243; onclick=&#8221;link_image&#8221; custom_links_target=&#8221;_self&#8221; column_number=&#8221;3&#8243; img_size=&#8221;250X319&#8243; images=&#8221;11344,11343,11342,11341,11340,11339,11338,11337,11336,11335,11334,11333,11332,11331,11330,11329,11328,11327,11326,11325,11324,11323,11322,11321,11320,11319,11318,11317,11316,11315,11314,11313,11312,11311,11310,11309,11308,11307,11306,11305,11304,11303,11302,11301,11300,11299,11298,11297,11296,11295,11294,11293,11292,11290,11289,11288,11287,11286,11285,11284,11283,11282,11281,11279,11278,11277,11276,11275,11274,11273,11272,11271,11270,11269,11268,11267,11266,11265,11264&#8243;][\/vc_column][\/vc_row]\n","protected":false},"excerpt":{"rendered":"<p>[vc_row][vc_column width=&#8221;1\/1&#8243;][vc_column_text] VESTIDOS DE NOIVA COLE\u00c7\u00c3O JASMIM [\/vc_column_text][vc_empty_space height=&#8221;10px&#8221;][vc_column_text] Os&#8230;<\/p>\n","protected":false},"author":4,"featured_media":0,"parent":0,"menu_order":0,"comment_status":"open","ping_status":"open","template":"","meta":[],"yoast_head":"<!-- This site is optimized with the Yoast SEO plugin v20.3 - https:\/\/yoast.com\/wordpress\/plugins\/seo\/ -->\n<title>Cole\u00e7\u00e3o Jasmim - Vestido de Noiva RJ<\/title>\n<meta name=\"robots\" content=\"index, follow, max-snippet:-1, max-image-preview:large, max-video-preview:-1\" \/>\n<link rel=\"canonical\" href=\"https:\/\/www.ivanabeaumond.com.br\/vestidos-noiva\/aluguel-vestido-noiva-tijuca\/\" \/>\n<meta property=\"og:locale\" content=\"pt_BR\" \/>\n<meta property=\"og:type\" content=\"article\" \/>\n<meta property=\"og:title\" content=\"Cole\u00e7\u00e3o Jasmim - Vestido de Noiva RJ\" \/>\n<meta property=\"og:description\" content=\"[vc_row][vc_column width=&#8221;1\/1&#8243;][vc_column_text] VESTIDOS DE NOIVA COLE\u00c7\u00c3O JASMIM [\/vc_column_text][vc_empty_space height=&#8221;10px&#8221;][vc_column_text] Os...\" \/>\n<meta property=\"og:url\" content=\"https:\/\/www.ivanabeaumond.com.br\/vestidos-noiva\/aluguel-vestido-noiva-tijuca\/\" \/>\n<meta property=\"og:site_name\" content=\"Vestido de Noiva RJ\" \/>\n<meta property=\"article:publisher\" content=\"https:\/\/www.facebook.com\/ivana.beaumondnoivas\" \/>\n<meta property=\"article:modified_time\" content=\"2018-08-27T18:46:00+00:00\" \/>\n<meta name=\"twitter:card\" content=\"summary_large_image\" \/>\n<meta name=\"twitter:label1\" content=\"Est. tempo de leitura\" \/>\n\t<meta name=\"twitter:data1\" content=\"1 minuto\" \/>\n<script type=\"application\/ld+json\" class=\"yoast-schema-graph\">{\"@context\":\"https:\/\/schema.org\",\"@graph\":[{\"@type\":\"WebPage\",\"@id\":\"https:\/\/www.ivanabeaumond.com.br\/vestidos-noiva\/aluguel-vestido-noiva-tijuca\/\",\"url\":\"https:\/\/www.ivanabeaumond.com.br\/vestidos-noiva\/aluguel-vestido-noiva-tijuca\/\",\"name\":\"Cole\u00e7\u00e3o Jasmim - Vestido de Noiva RJ\",\"isPartOf\":{\"@id\":\"https:\/\/www.ivanabeaumond.com.br\/vestidos-noiva\/#website\"},\"datePublished\":\"2016-04-08T23:58:23+00:00\",\"dateModified\":\"2018-08-27T18:46:00+00:00\",\"breadcrumb\":{\"@id\":\"https:\/\/www.ivanabeaumond.com.br\/vestidos-noiva\/aluguel-vestido-noiva-tijuca\/#breadcrumb\"},\"inLanguage\":\"pt-BR\",\"potentialAction\":[{\"@type\":\"ReadAction\",\"target\":[\"https:\/\/www.ivanabeaumond.com.br\/vestidos-noiva\/aluguel-vestido-noiva-tijuca\/\"]}]},{\"@type\":\"BreadcrumbList\",\"@id\":\"https:\/\/www.ivanabeaumond.com.br\/vestidos-noiva\/aluguel-vestido-noiva-tijuca\/#breadcrumb\",\"itemListElement\":[{\"@type\":\"ListItem\",\"position\":1,\"name\":\"In\u00edcio\",\"item\":\"https:\/\/www.ivanabeaumond.com.br\/vestidos-noiva\/\"},{\"@type\":\"ListItem\",\"position\":2,\"name\":\"Cole\u00e7\u00e3o Jasmim\"}]},{\"@type\":\"WebSite\",\"@id\":\"https:\/\/www.ivanabeaumond.com.br\/vestidos-noiva\/#website\",\"url\":\"https:\/\/www.ivanabeaumond.com.br\/vestidos-noiva\/\",\"name\":\"Vestido de Noiva RJ\",\"description\":\"Moda Noiva\",\"publisher\":{\"@id\":\"https:\/\/www.ivanabeaumond.com.br\/vestidos-noiva\/#organization\"},\"potentialAction\":[{\"@type\":\"SearchAction\",\"target\":{\"@type\":\"EntryPoint\",\"urlTemplate\":\"https:\/\/www.ivanabeaumond.com.br\/vestidos-noiva\/?s={search_term_string}\"},\"query-input\":\"required name=search_term_string\"}],\"inLanguage\":\"pt-BR\"},{\"@type\":\"Organization\",\"@id\":\"https:\/\/www.ivanabeaumond.com.br\/vestidos-noiva\/#organization\",\"name\":\"Vestido de Noiva RJ\",\"url\":\"https:\/\/www.ivanabeaumond.com.br\/vestidos-noiva\/\",\"logo\":{\"@type\":\"ImageObject\",\"inLanguage\":\"pt-BR\",\"@id\":\"https:\/\/www.ivanabeaumond.com.br\/vestidos-noiva\/#\/schema\/logo\/image\/\",\"url\":\"https:\/\/www.ivanabeaumond.com.br\/vestidos-noiva\/wp-content\/uploads\/2018\/02\/logo_ivana_beaumond-2.png\",\"contentUrl\":\"https:\/\/www.ivanabeaumond.com.br\/vestidos-noiva\/wp-content\/uploads\/2018\/02\/logo_ivana_beaumond-2.png\",\"width\":230,\"height\":112,\"caption\":\"Vestido de Noiva RJ\"},\"image\":{\"@id\":\"https:\/\/www.ivanabeaumond.com.br\/vestidos-noiva\/#\/schema\/logo\/image\/\"},\"sameAs\":[\"https:\/\/www.facebook.com\/ivana.beaumondnoivas\",\"https:\/\/www.instagram.com\/ivanabeaumond\/\",\"https:\/\/www.tiktok.com\/@ivanabeaumond\"]}]}<\/script>\n<!-- \/ Yoast SEO plugin. -->","yoast_head_json":{"title":"Cole\u00e7\u00e3o Jasmim - Vestido de Noiva RJ","robots":{"index":"index","follow":"follow","max-snippet":"max-snippet:-1","max-image-preview":"max-image-preview:large","max-video-preview":"max-video-preview:-1"},"canonical":"https:\/\/www.ivanabeaumond.com.br\/vestidos-noiva\/aluguel-vestido-noiva-tijuca\/","og_locale":"pt_BR","og_type":"article","og_title":"Cole\u00e7\u00e3o Jasmim - Vestido de Noiva RJ","og_description":"[vc_row][vc_column width=&#8221;1\/1&#8243;][vc_column_text] VESTIDOS DE NOIVA COLE\u00c7\u00c3O JASMIM [\/vc_column_text][vc_empty_space height=&#8221;10px&#8221;][vc_column_text] Os...","og_url":"https:\/\/www.ivanabeaumond.com.br\/vestidos-noiva\/aluguel-vestido-noiva-tijuca\/","og_site_name":"Vestido de Noiva RJ","article_publisher":"https:\/\/www.facebook.com\/ivana.beaumondnoivas","article_modified_time":"2018-08-27T18:46:00+00:00","twitter_card":"summary_large_image","twitter_misc":{"Est. tempo de leitura":"1 minuto"},"schema":{"@context":"https:\/\/schema.org","@graph":[{"@type":"WebPage","@id":"https:\/\/www.ivanabeaumond.com.br\/vestidos-noiva\/aluguel-vestido-noiva-tijuca\/","url":"https:\/\/www.ivanabeaumond.com.br\/vestidos-noiva\/aluguel-vestido-noiva-tijuca\/","name":"Cole\u00e7\u00e3o Jasmim - Vestido de Noiva RJ","isPartOf":{"@id":"https:\/\/www.ivanabeaumond.com.br\/vestidos-noiva\/#website"},"datePublished":"2016-04-08T23:58:23+00:00","dateModified":"2018-08-27T18:46:00+00:00","breadcrumb":{"@id":"https:\/\/www.ivanabeaumond.com.br\/vestidos-noiva\/aluguel-vestido-noiva-tijuca\/#breadcrumb"},"inLanguage":"pt-BR","potentialAction":[{"@type":"ReadAction","target":["https:\/\/www.ivanabeaumond.com.br\/vestidos-noiva\/aluguel-vestido-noiva-tijuca\/"]}]},{"@type":"BreadcrumbList","@id":"https:\/\/www.ivanabeaumond.com.br\/vestidos-noiva\/aluguel-vestido-noiva-tijuca\/#breadcrumb","itemListElement":[{"@type":"ListItem","position":1,"name":"In\u00edcio","item":"https:\/\/www.ivanabeaumond.com.br\/vestidos-noiva\/"},{"@type":"ListItem","position":2,"name":"Cole\u00e7\u00e3o Jasmim"}]},{"@type":"WebSite","@id":"https:\/\/www.ivanabeaumond.com.br\/vestidos-noiva\/#website","url":"https:\/\/www.ivanabeaumond.com.br\/vestidos-noiva\/","name":"Vestido de Noiva RJ","description":"Moda Noiva","publisher":{"@id":"https:\/\/www.ivanabeaumond.com.br\/vestidos-noiva\/#organization"},"potentialAction":[{"@type":"SearchAction","target":{"@type":"EntryPoint","urlTemplate":"https:\/\/www.ivanabeaumond.com.br\/vestidos-noiva\/?s={search_term_string}"},"query-input":"required name=search_term_string"}],"inLanguage":"pt-BR"},{"@type":"Organization","@id":"https:\/\/www.ivanabeaumond.com.br\/vestidos-noiva\/#organization","name":"Vestido de Noiva RJ","url":"https:\/\/www.ivanabeaumond.com.br\/vestidos-noiva\/","logo":{"@type":"ImageObject","inLanguage":"pt-BR","@id":"https:\/\/www.ivanabeaumond.com.br\/vestidos-noiva\/#\/schema\/logo\/image\/","url":"https:\/\/www.ivanabeaumond.com.br\/vestidos-noiva\/wp-content\/uploads\/2018\/02\/logo_ivana_beaumond-2.png","contentUrl":"https:\/\/www.ivanabeaumond.com.br\/vestidos-noiva\/wp-content\/uploads\/2018\/02\/logo_ivana_beaumond-2.png","width":230,"height":112,"caption":"Vestido de Noiva RJ"},"image":{"@id":"https:\/\/www.ivanabeaumond.com.br\/vestidos-noiva\/#\/schema\/logo\/image\/"},"sameAs":["https:\/\/www.facebook.com\/ivana.beaumondnoivas","https:\/\/www.instagram.com\/ivanabeaumond\/","https:\/\/www.tiktok.com\/@ivanabeaumond"]}]}},"_links":{"self":[{"href":"https:\/\/www.ivanabeaumond.com.br\/vestidos-noiva\/wp-json\/wp\/v2\/pages\/10352"}],"collection":[{"href":"https:\/\/www.ivanabeaumond.com.br\/vestidos-noiva\/wp-json\/wp\/v2\/pages"}],"about":[{"href":"https:\/\/www.ivanabeaumond.com.br\/vestidos-noiva\/wp-json\/wp\/v2\/types\/page"}],"author":[{"embeddable":true,"href":"https:\/\/www.ivanabeaumond.com.br\/vestidos-noiva\/wp-json\/wp\/v2\/users\/4"}],"replies":[{"embeddable":true,"href":"https:\/\/www.ivanabeaumond.com.br\/vestidos-noiva\/wp-json\/wp\/v2\/comments?post=10352"}],"version-history":[{"count":10,"href":"https:\/\/www.ivanabeaumond.com.br\/vestidos-noiva\/wp-json\/wp\/v2\/pages\/10352\/revisions"}],"predecessor-version":[{"id":11280,"href":"https:\/\/www.ivanabeaumond.com.br\/vestidos-noiva\/wp-json\/wp\/v2\/pages\/10352\/revisions\/11280"}],"wp:attachment":[{"href":"https:\/\/www.ivanabeaumond.com.br\/vestidos-noiva\/wp-json\/wp\/v2\/media?parent=10352"}],"curies":[{"name":"wp","href":"https:\/\/api.w.org\/{rel}","templated":true}]}}

Coleção Jasmim

[vc_row][vc_column width=&#8221;1/1&#8243;][vc_column_text]
<h1 style="text-align: center;">VESTIDOS DE NOIVA COLEÇÃO JASMIM</h1>
[/vc_column_text][vc_empty_space height=&#8221;10px&#8221;][vc_column_text]
<h5 style="text-align: justify;">Os modelos de <em><strong>vestidos de noiva</strong></em> da Coleção Jasmim foram inspirados na Flor que é uma verdadeira dádiva da natureza. Qualquer que seja o estilo, data e hora do seu casamento, aqui você encontrará o modelo perfeito para o seu grande dia.</h5>
[/vc_column_text][vc_single_image image=&#8221;10793&#8243; alignment=&#8221;center&#8221; border_color=&#8221;grey&#8221; img_link_large=&#8221;&#8221; img_link_target=&#8221;_self&#8221; img_size=&#8221;full&#8221;][vc_gallery type=&#8221;image_grid&#8221; interval=&#8221;3&#8243; onclick=&#8221;link_image&#8221; custom_links_target=&#8221;_self&#8221; column_number=&#8221;3&#8243; img_size=&#8221;250X319&#8243; images=&#8221;11344,11343,11342,11341,11340,11339,11338,11337,11336,11335,11334,11333,11332,11331,11330,11329,11328,11327,11326,11325,11324,11323,11322,11321,11320,11319,11318,11317,11316,11315,11314,11313,11312,11311,11310,11309,11308,11307,11306,11305,11304,11303,11302,11301,11300,11299,11298,11297,11296,11295,11294,11293,11292,11290,11289,11288,11287,11286,11285,11284,11283,11282,11281,11279,11278,11277,11276,11275,11274,11273,11272,11271,11270,11269,11268,11267,11266,11265,11264&#8243;][/vc_column][/vc_row]

<p>[vc_row][vc_column width=&#8221;1/1&#8243;][vc_column_text] VESTIDOS DE NOIVA COLEÇÃO JASMIM [/vc_column_text][vc_empty_space height=&#8221;10px&#8221;][vc_column_text] Os&#8230;</p>

<!-- This site is optimized with the Yoast SEO plugin v20.3 - https://yoast.com/wordpress/plugins/seo/ -->
<title>Coleção Jasmim - Vestido de Noiva RJ</title>
<meta name="robots" content="index, follow, max-snippet:-1, max-image-preview:large, max-video-preview:-1" />
<link rel="canonical" href="https://www.ivanabeaumond.com.br/vestidos-noiva/aluguel-vestido-noiva-tijuca/" />
<meta property="og:locale" content="pt_BR" />
<meta property="og:type" content="article" />
<meta property="og:title" content="Coleção Jasmim - Vestido de Noiva RJ" />
<meta property="og:description" content="[vc_row][vc_column width=&#8221;1/1&#8243;][vc_column_text] VESTIDOS DE NOIVA COLEÇÃO JASMIM [/vc_column_text][vc_empty_space height=&#8221;10px&#8221;][vc_column_text] Os..." />
<meta property="og:url" content="https://www.ivanabeaumond.com.br/vestidos-noiva/aluguel-vestido-noiva-tijuca/" />
<meta property="og:site_name" content="Vestido de Noiva RJ" />
<meta property="article:publisher" content="https://www.facebook.com/ivana.beaumondnoivas" />
<meta property="article:modified_time" content="2018-08-27T18:46:00+00:00" />
<meta name="twitter:card" content="summary_large_image" />
<meta name="twitter:label1" content="Est. tempo de leitura" />
	<meta name="twitter:data1" content="1 minuto" />
<script type="application/ld+json" class="yoast-schema-graph">{"@context":"https://schema.org","@graph":[{"@type":"WebPage","@id":"https://www.ivanabeaumond.com.br/vestidos-noiva/aluguel-vestido-noiva-tijuca/","url":"https://www.ivanabeaumond.com.br/vestidos-noiva/aluguel-vestido-noiva-tijuca/","name":"Coleção Jasmim - Vestido de Noiva RJ","isPartOf":{"@id":"https://www.ivanabeaumond.com.br/vestidos-noiva/#website"},"datePublished":"2016-04-08T23:58:23+00:00","dateModified":"2018-08-27T18:46:00+00:00","breadcrumb":{"@id":"https://www.ivanabeaumond.com.br/vestidos-noiva/aluguel-vestido-noiva-tijuca/#breadcrumb"},"inLanguage":"pt-BR","potentialAction":[{"@type":"ReadAction","target":["https://www.ivanabeaumond.com.br/vestidos-noiva/aluguel-vestido-noiva-tijuca/"]}]},{"@type":"BreadcrumbList","@id":"https://www.ivanabeaumond.com.br/vestidos-noiva/aluguel-vestido-noiva-tijuca/#breadcrumb","itemListElement":[{"@type":"ListItem","position":1,"name":"Início","item":"https://www.ivanabeaumond.com.br/vestidos-noiva/"},{"@type":"ListItem","position":2,"name":"Coleção Jasmim"}]},{"@type":"WebSite","@id":"https://www.ivanabeaumond.com.br/vestidos-noiva/#website","url":"https://www.ivanabeaumond.com.br/vestidos-noiva/","name":"Vestido de Noiva RJ","description":"Moda Noiva","publisher":{"@id":"https://www.ivanabeaumond.com.br/vestidos-noiva/#organization"},"potentialAction":[{"@type":"SearchAction","target":{"@type":"EntryPoint","urlTemplate":"https://www.ivanabeaumond.com.br/vestidos-noiva/?s={search_term_string}"},"query-input":"required name=search_term_string"}],"inLanguage":"pt-BR"},{"@type":"Organization","@id":"https://www.ivanabeaumond.com.br/vestidos-noiva/#organization","name":"Vestido de Noiva RJ","url":"https://www.ivanabeaumond.com.br/vestidos-noiva/","logo":{"@type":"ImageObject","inLanguage":"pt-BR","@id":"https://www.ivanabeaumond.com.br/vestidos-noiva/#/schema/logo/image/","url":"https://www.ivanabeaumond.com.br/vestidos-noiva/wp-content/uploads/2018/02/logo_ivana_beaumond-2.png","contentUrl":"https://www.ivanabeaumond.com.br/vestidos-noiva/wp-content/uploads/2018/02/logo_ivana_beaumond-2.png","width":230,"height":112,"caption":"Vestido de Noiva RJ"},"image":{"@id":"https://www.ivanabeaumond.com.br/vestidos-noiva/#/schema/logo/image/"},"sameAs":["https://www.facebook.com/ivana.beaumondnoivas","https://www.instagram.com/ivanabeaumond/","https://www.tiktok.com/@ivanabeaumond"]}]}</script>
<!-- / Yoast SEO plugin. -->

Coleção Jasmim - Vestido de Noiva RJ

[vc_row][vc_column width=&#8221;1/1&#8243;][vc_column_text] VESTIDOS DE NOIVA COLEÇÃO JASMIM [/vc_column_text][vc_empty_space height=&#8221;10px&#8221;][vc_column_text] Os...

Início
