{"id":11723,"date":"2016-09-09T18:55:09","date_gmt":"2016-09-09T18:55:09","guid":{"rendered":"http:\/\/www.ivanabeaumond.com.br\/vestidos-noiva\/?page_id=11723"},"modified":"2019-03-21T17:02:03","modified_gmt":"2019-03-21T20:02:03","slug":"vestidos-debutantes","status":"publish","type":"page","link":"https:\/\/www.ivanabeaumond.com.br\/vestidos-noiva\/vestidos-debutantes\/","title":{"rendered":"VESTIDOS DEBUTANTES"},"content":{"rendered":"[vc_row][vc_column width=&#8221;1\/1&#8243;][vc_column_text]\n<h1 style=\"text-align: center;\"><span style=\"color: #000000;\">VESTIDOS DE DEBUTANTE<\/span><\/h1>\n[\/vc_column_text][vc_empty_space height=&#8221;20px&#8221;][vc_row_inner][vc_column_inner width=&#8221;1\/4&#8243;][vc_gallery type=&#8221;flexslider_slide&#8221; interval=&#8221;3&#8243; onclick=&#8221;custom_link&#8221; custom_links_target=&#8221;_self&#8221; column_number=&#8221;2&#8243; img_size=&#8221;253&#215;321&#8243; custom_links=&#8221;http:\/\/www.ivanabeaumond.com.br\/vestidos-noiva\/vestidos-debutante-quebra-nozes\/,http:\/\/www.ivanabeaumond.com.br\/vestidos-noiva\/vestidos-debutante-quebra-nozes\/,http:\/\/www.ivanabeaumond.com.br\/vestidos-noiva\/vestidos-debutante-quebra-nozes\/&#8221; images=&#8221;17530,17547,17544&#8243;][\/vc_column_inner][vc_column_inner width=&#8221;1\/4&#8243;][vc_single_image border_color=&#8221;grey&#8221; img_link_large=&#8221;&#8221; img_link_target=&#8221;_self&#8221; img_size=&#8221;full&#8221; image=&#8221;17517&#8243; link=&#8221;http:\/\/www.ivanabeaumond.com.br\/vestidos-noiva\/vestidos-debutante-quebra-nozes\/&#8221;][vc_column_text css=&#8221;.vc_custom_1553126884850{padding-bottom: 15px !important;}&#8221;]\n<p style=\"text-align: justify;\">A mistura da magia e a imagina\u00e7\u00e3o fantasiosa de Clara, que cria seu Pr\u00edncipe e um reino perfeito com atra\u00e7\u00f5es divertidas e encantadoras, levando tal inspira\u00e7\u00e3o a cria\u00e7\u00e3o da nova cole\u00e7\u00e3o R\u00daSSIA by IVANA BEAUMOND Paris, em que misturamos o lado doce da hist\u00f3ria, como a presen\u00e7a da fada a\u00e7ucarada.<br \/>\nA cole\u00e7\u00e3o de DEBUTANTES &#8220;O Quebra-Nozes&#8221;: Traz vestidos super delicados e repletos de flores e modelos em tons mais escuros e elementos mais fortes para as DEBUTANTES de personalidade \u00fanica.<\/p>\n[\/vc_column_text]<a href=\"http:\/\/www.ivanabeaumond.com.br\/vestidos-noiva\/vestidos-debutante-quebra-nozes\/\" target=\"_self\" class=\"qbutton  center\" style=\"background-color: #909090; font-weight: 600; \">Veja esta Cole\u00e7\u00e3o<\/a>[vc_empty_space height=&#8221;30px&#8221;][\/vc_column_inner][vc_column_inner width=&#8221;1\/4&#8243;][vc_gallery type=&#8221;flexslider_slide&#8221; interval=&#8221;3&#8243; images=&#8221;14672,14683,14692&#8243; onclick=&#8221;custom_link&#8221; custom_links_target=&#8221;_self&#8221; column_number=&#8221;2&#8243; img_size=&#8221;253&#215;321&#8243; custom_links=&#8221;http:\/\/www.ivanabeaumond.com.br\/vestidos-noiva\/vestidos-debutante-primeiro-amor\/,http:\/\/www.ivanabeaumond.com.br\/vestidos-noiva\/vestidos-debutante-primeiro-amor\/,http:\/\/www.ivanabeaumond.com.br\/vestidos-noiva\/vestidos-debutante-primeiro-amor\/&#8221;][\/vc_column_inner][vc_column_inner width=&#8221;1\/4&#8243;][vc_single_image border_color=&#8221;grey&#8221; img_link_large=&#8221;&#8221; img_link_target=&#8221;_self&#8221; img_size=&#8221;full&#8221; image=&#8221;14752&#8243; link=&#8221;http:\/\/www.ivanabeaumond.com.br\/vestidos-noiva\/vestidos-debutante-primeiro-amor\/&#8221;][vc_column_text css=&#8221;.vc_custom_1519760952983{padding-bottom: 15px !important;}&#8221;]\n<p style=\"text-align: justify;\">A cole\u00e7\u00e3o Primeiro Amor R\u00fassia By IVANA BEAUMOND PARIS, traz em cada detalhe um sonho inspirado no famoso conto do escritor russo Ivan Turgu\u00eaniev. A cole\u00e7\u00e3o Primeiro Amor resgata a magia de uma Princesa em seu conto de fada inesquec\u00edvel. O luxo nos maravilhosos <em>Vestidos de Debutantes<\/em> que s\u00e3o exaltado por meio de bordados em p\u00e9rolas e cristais. O movimento e leveza, acompanham tamb\u00e9m elementos modernos e mesclam o cl\u00e1ssico com as \u00faltimas tend\u00eancias da Moda Fashion Teen.<\/p>\n[\/vc_column_text]<a href=\"http:\/\/www.ivanabeaumond.com.br\/vestidos-noiva\/vestidos-debutante-primeiro-amor\/\" target=\"_self\" class=\"qbutton  center\" style=\"background-color: #909090; font-weight: 600; \">Veja esta Cole\u00e7\u00e3o<\/a>[\/vc_column_inner][\/vc_row_inner][vc_empty_space height=&#8221;30px&#8221;][vc_row_inner][vc_column_inner width=&#8221;1\/4&#8243;][vc_gallery type=&#8221;flexslider_slide&#8221; interval=&#8221;3&#8243; images=&#8221;12332,12331,12324&#8243; onclick=&#8221;custom_link&#8221; custom_links_target=&#8221;_self&#8221; column_number=&#8221;2&#8243; img_size=&#8221;253&#215;321&#8243; custom_links=&#8221;http:\/\/www.ivanabeaumond.com.br\/vestidos-noiva\/vestidos-15-anos-cinderela\/,http:\/\/www.ivanabeaumond.com.br\/vestidos-noiva\/vestidos-15-anos-cinderela\/,http:\/\/www.ivanabeaumond.com.br\/vestidos-noiva\/vestidos-15-anos-cinderela\/&#8221;][\/vc_column_inner][vc_column_inner width=&#8221;1\/4&#8243;][vc_single_image border_color=&#8221;grey&#8221; img_link_large=&#8221;&#8221; img_link_target=&#8221;_self&#8221; img_size=&#8221;full&#8221; image=&#8221;12363&#8243; link=&#8221;http:\/\/www.ivanabeaumond.com.br\/vestidos-noiva\/vestidos-15-anos-cinderela\/&#8221;][vc_column_text css=&#8221;.vc_custom_1487257193244{padding-bottom: 15px !important;}&#8221;]\n<p style=\"text-align: justify;\">A cole\u00e7\u00e3o R\u00fassia Cinderela By IVANA BEAUMOND traz muito Glamour nos lindos <em><strong>vestidos<\/strong><\/em> confeccionados especialmente para o seu grande dia. Os <em><strong>vestidos de DEBUTANTES<\/strong><\/em> t\u00eam modelagens modernas, com lindos tons e com um toque de puro requinte, bom gosto e muita sofistica\u00e7\u00e3o. Inspirada na linda CINDERELA, a cole\u00e7\u00e3o traz a representa\u00e7\u00e3o de tudo que uma PRINCESA sonha no seu grande dia.<\/p>\n[\/vc_column_text]<a href=\"http:\/\/www.ivanabeaumond.com.br\/vestidos-noiva\/vestidos-15-anos-cinderela\/\" target=\"_self\" class=\"qbutton  center\" style=\"background-color: #909090; font-weight: 600; \">Veja esta Cole\u00e7\u00e3o<\/a>[vc_empty_space height=&#8221;30px&#8221;][\/vc_column_inner][vc_column_inner width=&#8221;1\/4&#8243;][vc_gallery type=&#8221;flexslider_slide&#8221; interval=&#8221;3&#8243; images=&#8221;11809,11792,11805&#8243; onclick=&#8221;custom_link&#8221; custom_links_target=&#8221;_self&#8221; column_number=&#8221;2&#8243; img_size=&#8221;253&#215;321&#8243; custom_links=&#8221;http:\/\/www.ivanabeaumond.com.br\/vestidos-noiva\/colecao-glamour-band\/,http:\/\/www.ivanabeaumond.com.br\/vestidos-noiva\/colecao-glamour-band\/,http:\/\/www.ivanabeaumond.com.br\/vestidos-noiva\/colecao-glamour-band\/&#8221;][\/vc_column_inner][vc_column_inner width=&#8221;1\/4&#8243;][vc_single_image border_color=&#8221;grey&#8221; img_link_large=&#8221;&#8221; img_link_target=&#8221;_self&#8221; img_size=&#8221;full&#8221; image=&#8221;12089&#8243; link=&#8221;http:\/\/www.ivanabeaumond.com.br\/vestidos-noiva\/colecao-glamour-band\/&#8221;][vc_column_text css=&#8221;.vc_custom_1473447192898{padding-bottom: 15px !important;}&#8221;]\n<p style=\"text-align: justify;\">Os modelos da cole\u00e7\u00e3o Glamour Band de 15 anos, traz lindos <em><strong>vestidos<\/strong><\/em> para voc\u00ea receber seus amigos e familiares na festa dos seus sonhos! Os modelos t\u00eam modelagens cl\u00e1ssicas e modernas, com a leveza dos tons e com um toque de requinte e sofistica\u00e7\u00e3o para abrilhantar ainda mais o seu evento. Inspirada na arte musical a cole\u00e7\u00e3o traz a representa\u00e7\u00e3o de tudo que uma princesa sonha no seu grande dia.<br \/>\nUma cole\u00e7\u00e3o incr\u00edvel para um dia inesquec\u00edvel.<\/p>\n[\/vc_column_text]<a href=\"http:\/\/www.ivanabeaumond.com.br\/vestidos-noiva\/colecao-glamour-band\/\" target=\"_self\" class=\"qbutton  center\" style=\"background-color: #909090; font-weight: 600; \">Veja esta Cole\u00e7\u00e3o<\/a>[\/vc_column_inner][\/vc_row_inner][vc_empty_space height=&#8221;30px&#8221;][vc_row_inner][vc_column_inner width=&#8221;1\/4&#8243;][vc_gallery type=&#8221;flexslider_slide&#8221; interval=&#8221;3&#8243; images=&#8221;12059,12030,12039&#8243; onclick=&#8221;custom_link&#8221; custom_links_target=&#8221;_self&#8221; column_number=&#8221;2&#8243; img_size=&#8221;253&#215;321&#8243; custom_links=&#8221;http:\/\/www.ivanabeaumond.com.br\/vestidos-noiva\/colecao-sweet-pepper\/,http:\/\/www.ivanabeaumond.com.br\/vestidos-noiva\/colecao-sweet-pepper\/,http:\/\/www.ivanabeaumond.com.br\/vestidos-noiva\/colecao-sweet-pepper\/&#8221;][\/vc_column_inner][vc_column_inner width=&#8221;1\/4&#8243;][vc_single_image border_color=&#8221;grey&#8221; img_link_large=&#8221;&#8221; img_link_target=&#8221;_self&#8221; img_size=&#8221;full&#8221; image=&#8221;12091&#8243; link=&#8221;http:\/\/www.ivanabeaumond.com.br\/vestidos-noiva\/colecao-sweet-pepper\/&#8221;][vc_column_text css=&#8221;.vc_custom_1473447300937{padding-bottom: 15px !important;}&#8221;]\n<p style=\"text-align: justify;\"><em><strong>Vestidos de 15 anos<\/strong><\/em> com cores brilhantes, modelos lindos que incluem saias longas, corselet, tops e detalhes maravilhosos que atraem os olhares de todos na pista de dan\u00e7a. Com certeza voc\u00ea ir\u00e1 arrasar no seu grande dia, com os lindos <em><strong>vestidos<\/strong><\/em> da cole\u00e7\u00e3o Sweet Pepper.<br \/>\nUma cole\u00e7\u00e3o incr\u00edvel para um dia inesquec\u00edvel.<\/p>\n[\/vc_column_text]<a href=\"http:\/\/www.ivanabeaumond.com.br\/vestidos-noiva\/colecao-sweet-pepper\/\" target=\"_self\" class=\"qbutton  center\" style=\"background-color: #909090; font-weight: 600; \">Veja esta Cole\u00e7\u00e3o<\/a>[vc_empty_space height=&#8221;30px&#8221;][\/vc_column_inner][vc_column_inner width=&#8221;1\/4&#8243;][vc_gallery type=&#8221;flexslider_slide&#8221; interval=&#8221;3&#8243; images=&#8221;11762,11758,11766&#8243; onclick=&#8221;custom_link&#8221; custom_links_target=&#8221;_self&#8221; column_number=&#8221;2&#8243; custom_links=&#8221;http:\/\/www.ivanabeaumond.com.br\/vestidos-noiva\/colecao-alice\/,http:\/\/www.ivanabeaumond.com.br\/vestidos-noiva\/colecao-alice\/,http:\/\/www.ivanabeaumond.com.br\/vestidos-noiva\/colecao-alice\/&#8221; img_size=&#8221;253&#215;321&#8243;][\/vc_column_inner][vc_column_inner width=&#8221;1\/4&#8243;][vc_single_image border_color=&#8221;grey&#8221; img_link_large=&#8221;&#8221; img_link_target=&#8221;_self&#8221; img_size=&#8221;full&#8221; image=&#8221;12088&#8243; link=&#8221;http:\/\/www.ivanabeaumond.com.br\/vestidos-noiva\/colecao-alice\/&#8221;][vc_column_text css=&#8221;.vc_custom_1473447211570{padding-bottom: 15px !important;}&#8221;]\n<p style=\"text-align: justify;\">Cole\u00e7\u00e3o moderna, com modelos ousados e encantadores. Essas s\u00e3o algumas das caracter\u00edsticas da nova cole\u00e7\u00e3o R\u00fassia, com modelos direto da Europa para abrilhantar ainda mais as <em><strong>debutantes<\/strong><\/em> que desejam ter uma verdadeira festa de Princesa no seu grande dia. Os modelos s\u00e3o chamativos, deslumbrantes, incluindo saias curtas, com aplica\u00e7\u00f5es de strass que deixam os modelos refinados, cl\u00e1ssicos e rom\u00e2nticos, com estilo e muito glamour.<br \/>\nUma cole\u00e7\u00e3o incr\u00edvel para um dia inesquec\u00edvel.<\/p>\n[\/vc_column_text]<a href=\"http:\/\/www.ivanabeaumond.com.br\/vestidos-noiva\/colecao-alice\/\" target=\"_self\" class=\"qbutton  center\" style=\"background-color: #909090; font-weight: 600; \">Veja esta Cole\u00e7\u00e3o<\/a>[\/vc_column_inner][\/vc_row_inner][vc_empty_space height=&#8221;30px&#8221;][vc_row_inner][vc_column_inner width=&#8221;1\/4&#8243;][vc_gallery type=&#8221;flexslider_slide&#8221; interval=&#8221;3&#8243; images=&#8221;11825,11827,11840&#8243; onclick=&#8221;custom_link&#8221; custom_links_target=&#8221;_self&#8221; column_number=&#8221;2&#8243; img_size=&#8221;253&#215;321&#8243; custom_links=&#8221;http:\/\/www.ivanabeaumond.com.br\/vestidos-noiva\/colecao-mori-lee\/,http:\/\/www.ivanabeaumond.com.br\/vestidos-noiva\/colecao-mori-lee\/,http:\/\/www.ivanabeaumond.com.br\/vestidos-noiva\/colecao-mori-lee\/&#8221;][\/vc_column_inner][vc_column_inner width=&#8221;1\/4&#8243;][vc_single_image border_color=&#8221;grey&#8221; img_link_large=&#8221;&#8221; img_link_target=&#8221;_self&#8221; img_size=&#8221;full&#8221; image=&#8221;12090&#8243; link=&#8221;http:\/\/www.ivanabeaumond.com.br\/vestidos-noiva\/colecao-mori-lee\/&#8221;][vc_column_text css=&#8221;.vc_custom_1473450974805{padding-bottom: 15px !important;}&#8221;]\n<p style=\"text-align: justify;\">Cole\u00e7\u00e3o Teen Mori Lee com modelos maravilhosos e encantadores, direto dos Estados Unidos, para o seu dia inesquec\u00edvel. Se voc\u00ea tem um sonho de Princesa e quer ficar linda nos seus 15 anos, temos os modelos dos seus sonhos. A cole\u00e7\u00e3o \u00e9 bem variada, com <em><strong>vestidos<\/strong><\/em> que v\u00e3o dos tradicionais longos e rodados com os de brilho para todos os temas e gostos, modelos deslumbrantes, cl\u00e1ssicos e rom\u00e2nticos.<br \/>\nUma cole\u00e7\u00e3o incr\u00edvel para um dia inesquec\u00edvel.<\/p>\n[\/vc_column_text]<a href=\"http:\/\/www.ivanabeaumond.com.br\/vestidos-noiva\/colecao-mori-lee\/\" target=\"_self\" class=\"qbutton  center\" style=\"background-color: #909090; font-weight: 600; \">Veja esta Cole\u00e7\u00e3o<\/a>[\/vc_column_inner][vc_column_inner width=&#8221;1\/4&#8243;][\/vc_column_inner][vc_column_inner width=&#8221;1\/4&#8243;][\/vc_column_inner][\/vc_row_inner][vc_empty_space height=&#8221;30px&#8221;][\/vc_column][\/vc_row]\n","protected":false},"excerpt":{"rendered":"<p>[vc_row][vc_column width=&#8221;1\/1&#8243;][vc_column_text] VESTIDOS DE DEBUTANTE [\/vc_column_text][vc_empty_space height=&#8221;20px&#8221;][vc_row_inner][vc_column_inner width=&#8221;1\/4&#8243;][vc_gallery type=&#8221;flexslider_slide&#8221; interval=&#8221;3&#8243;&#8230;<\/p>\n","protected":false},"author":4,"featured_media":0,"parent":0,"menu_order":0,"comment_status":"open","ping_status":"open","template":"","meta":[],"yoast_head":"<!-- This site is optimized with the Yoast SEO plugin v20.3 - https:\/\/yoast.com\/wordpress\/plugins\/seo\/ -->\n<title>VESTIDOS DEBUTANTES - Vestido de Noiva RJ<\/title>\n<meta name=\"robots\" content=\"index, follow, max-snippet:-1, max-image-preview:large, max-video-preview:-1\" \/>\n<link rel=\"canonical\" href=\"https:\/\/www.ivanabeaumond.com.br\/vestidos-noiva\/vestidos-debutantes\/\" \/>\n<meta property=\"og:locale\" content=\"pt_BR\" \/>\n<meta property=\"og:type\" content=\"article\" \/>\n<meta property=\"og:title\" content=\"VESTIDOS DEBUTANTES - Vestido de Noiva RJ\" \/>\n<meta property=\"og:description\" content=\"[vc_row][vc_column width=&#8221;1\/1&#8243;][vc_column_text] VESTIDOS DE DEBUTANTE [\/vc_column_text][vc_empty_space height=&#8221;20px&#8221;][vc_row_inner][vc_column_inner width=&#8221;1\/4&#8243;][vc_gallery type=&#8221;flexslider_slide&#8221; interval=&#8221;3&#8243;...\" \/>\n<meta property=\"og:url\" content=\"https:\/\/www.ivanabeaumond.com.br\/vestidos-noiva\/vestidos-debutantes\/\" \/>\n<meta property=\"og:site_name\" content=\"Vestido de Noiva RJ\" \/>\n<meta property=\"article:publisher\" content=\"https:\/\/www.facebook.com\/ivana.beaumondnoivas\" \/>\n<meta property=\"article:modified_time\" content=\"2019-03-21T20:02:03+00:00\" \/>\n<meta name=\"twitter:card\" content=\"summary_large_image\" \/>\n<meta name=\"twitter:label1\" content=\"Est. tempo de leitura\" \/>\n\t<meta name=\"twitter:data1\" content=\"7 minutos\" \/>\n<script type=\"application\/ld+json\" class=\"yoast-schema-graph\">{\"@context\":\"https:\/\/schema.org\",\"@graph\":[{\"@type\":\"WebPage\",\"@id\":\"https:\/\/www.ivanabeaumond.com.br\/vestidos-noiva\/vestidos-debutantes\/\",\"url\":\"https:\/\/www.ivanabeaumond.com.br\/vestidos-noiva\/vestidos-debutantes\/\",\"name\":\"VESTIDOS DEBUTANTES - Vestido de Noiva RJ\",\"isPartOf\":{\"@id\":\"https:\/\/www.ivanabeaumond.com.br\/vestidos-noiva\/#website\"},\"datePublished\":\"2016-09-09T18:55:09+00:00\",\"dateModified\":\"2019-03-21T20:02:03+00:00\",\"breadcrumb\":{\"@id\":\"https:\/\/www.ivanabeaumond.com.br\/vestidos-noiva\/vestidos-debutantes\/#breadcrumb\"},\"inLanguage\":\"pt-BR\",\"potentialAction\":[{\"@type\":\"ReadAction\",\"target\":[\"https:\/\/www.ivanabeaumond.com.br\/vestidos-noiva\/vestidos-debutantes\/\"]}]},{\"@type\":\"BreadcrumbList\",\"@id\":\"https:\/\/www.ivanabeaumond.com.br\/vestidos-noiva\/vestidos-debutantes\/#breadcrumb\",\"itemListElement\":[{\"@type\":\"ListItem\",\"position\":1,\"name\":\"In\u00edcio\",\"item\":\"https:\/\/www.ivanabeaumond.com.br\/vestidos-noiva\/\"},{\"@type\":\"ListItem\",\"position\":2,\"name\":\"VESTIDOS DEBUTANTES\"}]},{\"@type\":\"WebSite\",\"@id\":\"https:\/\/www.ivanabeaumond.com.br\/vestidos-noiva\/#website\",\"url\":\"https:\/\/www.ivanabeaumond.com.br\/vestidos-noiva\/\",\"name\":\"Vestido de Noiva RJ\",\"description\":\"Moda Noiva\",\"publisher\":{\"@id\":\"https:\/\/www.ivanabeaumond.com.br\/vestidos-noiva\/#organization\"},\"potentialAction\":[{\"@type\":\"SearchAction\",\"target\":{\"@type\":\"EntryPoint\",\"urlTemplate\":\"https:\/\/www.ivanabeaumond.com.br\/vestidos-noiva\/?s={search_term_string}\"},\"query-input\":\"required name=search_term_string\"}],\"inLanguage\":\"pt-BR\"},{\"@type\":\"Organization\",\"@id\":\"https:\/\/www.ivanabeaumond.com.br\/vestidos-noiva\/#organization\",\"name\":\"Vestido de Noiva RJ\",\"url\":\"https:\/\/www.ivanabeaumond.com.br\/vestidos-noiva\/\",\"logo\":{\"@type\":\"ImageObject\",\"inLanguage\":\"pt-BR\",\"@id\":\"https:\/\/www.ivanabeaumond.com.br\/vestidos-noiva\/#\/schema\/logo\/image\/\",\"url\":\"https:\/\/www.ivanabeaumond.com.br\/vestidos-noiva\/wp-content\/uploads\/2018\/02\/logo_ivana_beaumond-2.png\",\"contentUrl\":\"https:\/\/www.ivanabeaumond.com.br\/vestidos-noiva\/wp-content\/uploads\/2018\/02\/logo_ivana_beaumond-2.png\",\"width\":230,\"height\":112,\"caption\":\"Vestido de Noiva RJ\"},\"image\":{\"@id\":\"https:\/\/www.ivanabeaumond.com.br\/vestidos-noiva\/#\/schema\/logo\/image\/\"},\"sameAs\":[\"https:\/\/www.facebook.com\/ivana.beaumondnoivas\",\"https:\/\/www.instagram.com\/ivanabeaumond\/\",\"https:\/\/www.tiktok.com\/@ivanabeaumond\"]}]}<\/script>\n<!-- \/ Yoast SEO plugin. -->","yoast_head_json":{"title":"VESTIDOS DEBUTANTES - Vestido de Noiva RJ","robots":{"index":"index","follow":"follow","max-snippet":"max-snippet:-1","max-image-preview":"max-image-preview:large","max-video-preview":"max-video-preview:-1"},"canonical":"https:\/\/www.ivanabeaumond.com.br\/vestidos-noiva\/vestidos-debutantes\/","og_locale":"pt_BR","og_type":"article","og_title":"VESTIDOS DEBUTANTES - Vestido de Noiva RJ","og_description":"[vc_row][vc_column width=&#8221;1\/1&#8243;][vc_column_text] VESTIDOS DE DEBUTANTE [\/vc_column_text][vc_empty_space height=&#8221;20px&#8221;][vc_row_inner][vc_column_inner width=&#8221;1\/4&#8243;][vc_gallery type=&#8221;flexslider_slide&#8221; interval=&#8221;3&#8243;...","og_url":"https:\/\/www.ivanabeaumond.com.br\/vestidos-noiva\/vestidos-debutantes\/","og_site_name":"Vestido de Noiva RJ","article_publisher":"https:\/\/www.facebook.com\/ivana.beaumondnoivas","article_modified_time":"2019-03-21T20:02:03+00:00","twitter_card":"summary_large_image","twitter_misc":{"Est. tempo de leitura":"7 minutos"},"schema":{"@context":"https:\/\/schema.org","@graph":[{"@type":"WebPage","@id":"https:\/\/www.ivanabeaumond.com.br\/vestidos-noiva\/vestidos-debutantes\/","url":"https:\/\/www.ivanabeaumond.com.br\/vestidos-noiva\/vestidos-debutantes\/","name":"VESTIDOS DEBUTANTES - Vestido de Noiva RJ","isPartOf":{"@id":"https:\/\/www.ivanabeaumond.com.br\/vestidos-noiva\/#website"},"datePublished":"2016-09-09T18:55:09+00:00","dateModified":"2019-03-21T20:02:03+00:00","breadcrumb":{"@id":"https:\/\/www.ivanabeaumond.com.br\/vestidos-noiva\/vestidos-debutantes\/#breadcrumb"},"inLanguage":"pt-BR","potentialAction":[{"@type":"ReadAction","target":["https:\/\/www.ivanabeaumond.com.br\/vestidos-noiva\/vestidos-debutantes\/"]}]},{"@type":"BreadcrumbList","@id":"https:\/\/www.ivanabeaumond.com.br\/vestidos-noiva\/vestidos-debutantes\/#breadcrumb","itemListElement":[{"@type":"ListItem","position":1,"name":"In\u00edcio","item":"https:\/\/www.ivanabeaumond.com.br\/vestidos-noiva\/"},{"@type":"ListItem","position":2,"name":"VESTIDOS DEBUTANTES"}]},{"@type":"WebSite","@id":"https:\/\/www.ivanabeaumond.com.br\/vestidos-noiva\/#website","url":"https:\/\/www.ivanabeaumond.com.br\/vestidos-noiva\/","name":"Vestido de Noiva RJ","description":"Moda Noiva","publisher":{"@id":"https:\/\/www.ivanabeaumond.com.br\/vestidos-noiva\/#organization"},"potentialAction":[{"@type":"SearchAction","target":{"@type":"EntryPoint","urlTemplate":"https:\/\/www.ivanabeaumond.com.br\/vestidos-noiva\/?s={search_term_string}"},"query-input":"required name=search_term_string"}],"inLanguage":"pt-BR"},{"@type":"Organization","@id":"https:\/\/www.ivanabeaumond.com.br\/vestidos-noiva\/#organization","name":"Vestido de Noiva RJ","url":"https:\/\/www.ivanabeaumond.com.br\/vestidos-noiva\/","logo":{"@type":"ImageObject","inLanguage":"pt-BR","@id":"https:\/\/www.ivanabeaumond.com.br\/vestidos-noiva\/#\/schema\/logo\/image\/","url":"https:\/\/www.ivanabeaumond.com.br\/vestidos-noiva\/wp-content\/uploads\/2018\/02\/logo_ivana_beaumond-2.png","contentUrl":"https:\/\/www.ivanabeaumond.com.br\/vestidos-noiva\/wp-content\/uploads\/2018\/02\/logo_ivana_beaumond-2.png","width":230,"height":112,"caption":"Vestido de Noiva RJ"},"image":{"@id":"https:\/\/www.ivanabeaumond.com.br\/vestidos-noiva\/#\/schema\/logo\/image\/"},"sameAs":["https:\/\/www.facebook.com\/ivana.beaumondnoivas","https:\/\/www.instagram.com\/ivanabeaumond\/","https:\/\/www.tiktok.com\/@ivanabeaumond"]}]}},"_links":{"self":[{"href":"https:\/\/www.ivanabeaumond.com.br\/vestidos-noiva\/wp-json\/wp\/v2\/pages\/11723"}],"collection":[{"href":"https:\/\/www.ivanabeaumond.com.br\/vestidos-noiva\/wp-json\/wp\/v2\/pages"}],"about":[{"href":"https:\/\/www.ivanabeaumond.com.br\/vestidos-noiva\/wp-json\/wp\/v2\/types\/page"}],"author":[{"embeddable":true,"href":"https:\/\/www.ivanabeaumond.com.br\/vestidos-noiva\/wp-json\/wp\/v2\/users\/4"}],"replies":[{"embeddable":true,"href":"https:\/\/www.ivanabeaumond.com.br\/vestidos-noiva\/wp-json\/wp\/v2\/comments?post=11723"}],"version-history":[{"count":26,"href":"https:\/\/www.ivanabeaumond.com.br\/vestidos-noiva\/wp-json\/wp\/v2\/pages\/11723\/revisions"}],"predecessor-version":[{"id":14601,"href":"https:\/\/www.ivanabeaumond.com.br\/vestidos-noiva\/wp-json\/wp\/v2\/pages\/11723\/revisions\/14601"}],"wp:attachment":[{"href":"https:\/\/www.ivanabeaumond.com.br\/vestidos-noiva\/wp-json\/wp\/v2\/media?parent=11723"}],"curies":[{"name":"wp","href":"https:\/\/api.w.org\/{rel}","templated":true}]}}