{"id":14254,"date":"2017-12-12T14:56:50","date_gmt":"2017-12-12T16:56:50","guid":{"rendered":"http:\/\/www.ivanabeaumond.com.br\/vestidos-noiva\/?page_id=14254"},"modified":"2018-08-27T15:39:17","modified_gmt":"2018-08-27T18:39:17","slug":"vestidos-de-noiva-colecao-rosa-clara","status":"publish","type":"page","link":"https:\/\/www.ivanabeaumond.com.br\/vestidos-noiva\/vestidos-de-noiva-colecao-rosa-clara\/","title":{"rendered":"Vestidos de Noiva Cole\u00e7\u00e3o Rosa Clar\u00e1"},"content":{"rendered":"[vc_row][vc_column width=&#8221;1\/1&#8243;][vc_column_text]\n<h1 style=\"text-align: center;\">VESTIDOS DE NOIVA COLE\u00c7\u00c3O\u00a0ROSA CLAR\u00c1<\/h1>\n[\/vc_column_text][vc_empty_space height=&#8221;10px&#8221;][vc_column_text]\n<h5 style=\"text-align: justify;\">A Nova Cole\u00e7\u00e3o Rosa Clar\u00e1 apresenta o que h\u00e1 de mais charmoso com as novas tend\u00eancias. Os vestidos de noiva de renda\u00a0e o protagonismo de decotes e aberturas em saias. A cole\u00e7\u00e3o est\u00e1 maravilhosa com os tecidos que se adaptam ao corpo com incr\u00edvel perfei\u00e7\u00e3o, marcando a silhueta. \u00c9 poss\u00edvel observar decotes espetaculares. \u00c9, sem d\u00favida, a cole\u00e7\u00e3o mais charmosa do momento, que apresenta ainda\u00a0linhas impec\u00e1veis decoradas com os melhores enfeites, al\u00e9m dos tules e organzas em tom nude, que simula uma segunda pele. Transpar\u00eancias em saias vaporosas, transpar\u00eancias em mangas de todo tipo, decotes ombro a ombro e decotes ilus\u00e3o, al\u00e9m das transpar\u00eancias nas costas que d\u00e3o um charme a mais no seu vestido ideal.<\/h5>\n[\/vc_column_text][vc_empty_space height=&#8221;10px&#8221;][vc_single_image image=&#8221;14202&#8243; alignment=&#8221;center&#8221; border_color=&#8221;grey&#8221; img_link_large=&#8221;&#8221; img_link_target=&#8221;_self&#8221; img_size=&#8221;full&#8221;][vc_empty_space height=&#8221;20px&#8221;][vc_gallery type=&#8221;image_grid&#8221; interval=&#8221;3&#8243; images=&#8221;14252,14251,14250,14249,14248,14247,14246,14245,14244,14243,14242,14241,14240,14239,14238,14237,14236,14235,14234,14233,14232,14231,14230,14229,14228,14227,14226,14225,14224,14223,14222,14221,14220,14219,14218,14217,14216,14215,14214,14213,14212,14211,14210,14209,14208,14207,14206&#8243; onclick=&#8221;link_image&#8221; custom_links_target=&#8221;_self&#8221; column_number=&#8221;3&#8243; img_size=&#8221;250&#215;319&#8243;][\/vc_column][\/vc_row]\n","protected":false},"excerpt":{"rendered":"<p>[vc_row][vc_column width=&#8221;1\/1&#8243;][vc_column_text] VESTIDOS DE NOIVA COLE\u00c7\u00c3O\u00a0ROSA CLAR\u00c1 [\/vc_column_text][vc_empty_space height=&#8221;10px&#8221;][vc_column_text] A&#8230;<\/p>\n","protected":false},"author":4,"featured_media":0,"parent":0,"menu_order":0,"comment_status":"closed","ping_status":"closed","template":"","meta":[],"yoast_head":"<!-- This site is optimized with the Yoast SEO plugin v20.3 - https:\/\/yoast.com\/wordpress\/plugins\/seo\/ -->\n<title>Vestidos de Noiva Cole\u00e7\u00e3o Rosa Clar\u00e1 - Vestido de Noiva RJ<\/title>\n<meta name=\"robots\" content=\"index, follow, max-snippet:-1, max-image-preview:large, max-video-preview:-1\" \/>\n<link rel=\"canonical\" href=\"https:\/\/www.ivanabeaumond.com.br\/vestidos-noiva\/vestidos-de-noiva-colecao-rosa-clara\/\" \/>\n<meta property=\"og:locale\" content=\"pt_BR\" \/>\n<meta property=\"og:type\" content=\"article\" \/>\n<meta property=\"og:title\" content=\"Vestidos de Noiva Cole\u00e7\u00e3o Rosa Clar\u00e1 - Vestido de Noiva RJ\" \/>\n<meta property=\"og:description\" content=\"[vc_row][vc_column width=&#8221;1\/1&#8243;][vc_column_text] VESTIDOS DE NOIVA COLE\u00c7\u00c3O\u00a0ROSA CLAR\u00c1 [\/vc_column_text][vc_empty_space height=&#8221;10px&#8221;][vc_column_text] A...\" \/>\n<meta property=\"og:url\" content=\"https:\/\/www.ivanabeaumond.com.br\/vestidos-noiva\/vestidos-de-noiva-colecao-rosa-clara\/\" \/>\n<meta property=\"og:site_name\" content=\"Vestido de Noiva RJ\" \/>\n<meta property=\"article:publisher\" content=\"https:\/\/www.facebook.com\/ivana.beaumondnoivas\" \/>\n<meta property=\"article:modified_time\" content=\"2018-08-27T18:39:17+00:00\" \/>\n<meta name=\"twitter:card\" content=\"summary_large_image\" \/>\n<meta name=\"twitter:label1\" content=\"Est. tempo de leitura\" \/>\n\t<meta name=\"twitter:data1\" content=\"1 minuto\" \/>\n<script type=\"application\/ld+json\" class=\"yoast-schema-graph\">{\"@context\":\"https:\/\/schema.org\",\"@graph\":[{\"@type\":\"WebPage\",\"@id\":\"https:\/\/www.ivanabeaumond.com.br\/vestidos-noiva\/vestidos-de-noiva-colecao-rosa-clara\/\",\"url\":\"https:\/\/www.ivanabeaumond.com.br\/vestidos-noiva\/vestidos-de-noiva-colecao-rosa-clara\/\",\"name\":\"Vestidos de Noiva Cole\u00e7\u00e3o Rosa Clar\u00e1 - Vestido de Noiva RJ\",\"isPartOf\":{\"@id\":\"https:\/\/www.ivanabeaumond.com.br\/vestidos-noiva\/#website\"},\"datePublished\":\"2017-12-12T16:56:50+00:00\",\"dateModified\":\"2018-08-27T18:39:17+00:00\",\"breadcrumb\":{\"@id\":\"https:\/\/www.ivanabeaumond.com.br\/vestidos-noiva\/vestidos-de-noiva-colecao-rosa-clara\/#breadcrumb\"},\"inLanguage\":\"pt-BR\",\"potentialAction\":[{\"@type\":\"ReadAction\",\"target\":[\"https:\/\/www.ivanabeaumond.com.br\/vestidos-noiva\/vestidos-de-noiva-colecao-rosa-clara\/\"]}]},{\"@type\":\"BreadcrumbList\",\"@id\":\"https:\/\/www.ivanabeaumond.com.br\/vestidos-noiva\/vestidos-de-noiva-colecao-rosa-clara\/#breadcrumb\",\"itemListElement\":[{\"@type\":\"ListItem\",\"position\":1,\"name\":\"In\u00edcio\",\"item\":\"https:\/\/www.ivanabeaumond.com.br\/vestidos-noiva\/\"},{\"@type\":\"ListItem\",\"position\":2,\"name\":\"Vestidos de Noiva Cole\u00e7\u00e3o Rosa Clar\u00e1\"}]},{\"@type\":\"WebSite\",\"@id\":\"https:\/\/www.ivanabeaumond.com.br\/vestidos-noiva\/#website\",\"url\":\"https:\/\/www.ivanabeaumond.com.br\/vestidos-noiva\/\",\"name\":\"Vestido de Noiva RJ\",\"description\":\"Moda Noiva\",\"publisher\":{\"@id\":\"https:\/\/www.ivanabeaumond.com.br\/vestidos-noiva\/#organization\"},\"potentialAction\":[{\"@type\":\"SearchAction\",\"target\":{\"@type\":\"EntryPoint\",\"urlTemplate\":\"https:\/\/www.ivanabeaumond.com.br\/vestidos-noiva\/?s={search_term_string}\"},\"query-input\":\"required name=search_term_string\"}],\"inLanguage\":\"pt-BR\"},{\"@type\":\"Organization\",\"@id\":\"https:\/\/www.ivanabeaumond.com.br\/vestidos-noiva\/#organization\",\"name\":\"Vestido de Noiva RJ\",\"url\":\"https:\/\/www.ivanabeaumond.com.br\/vestidos-noiva\/\",\"logo\":{\"@type\":\"ImageObject\",\"inLanguage\":\"pt-BR\",\"@id\":\"https:\/\/www.ivanabeaumond.com.br\/vestidos-noiva\/#\/schema\/logo\/image\/\",\"url\":\"https:\/\/www.ivanabeaumond.com.br\/vestidos-noiva\/wp-content\/uploads\/2018\/02\/logo_ivana_beaumond-2.png\",\"contentUrl\":\"https:\/\/www.ivanabeaumond.com.br\/vestidos-noiva\/wp-content\/uploads\/2018\/02\/logo_ivana_beaumond-2.png\",\"width\":230,\"height\":112,\"caption\":\"Vestido de Noiva RJ\"},\"image\":{\"@id\":\"https:\/\/www.ivanabeaumond.com.br\/vestidos-noiva\/#\/schema\/logo\/image\/\"},\"sameAs\":[\"https:\/\/www.facebook.com\/ivana.beaumondnoivas\",\"https:\/\/www.instagram.com\/ivanabeaumond\/\",\"https:\/\/www.tiktok.com\/@ivanabeaumond\"]}]}<\/script>\n<!-- \/ Yoast SEO plugin. -->","yoast_head_json":{"title":"Vestidos de Noiva Cole\u00e7\u00e3o Rosa Clar\u00e1 - Vestido de Noiva RJ","robots":{"index":"index","follow":"follow","max-snippet":"max-snippet:-1","max-image-preview":"max-image-preview:large","max-video-preview":"max-video-preview:-1"},"canonical":"https:\/\/www.ivanabeaumond.com.br\/vestidos-noiva\/vestidos-de-noiva-colecao-rosa-clara\/","og_locale":"pt_BR","og_type":"article","og_title":"Vestidos de Noiva Cole\u00e7\u00e3o Rosa Clar\u00e1 - Vestido de Noiva RJ","og_description":"[vc_row][vc_column width=&#8221;1\/1&#8243;][vc_column_text] VESTIDOS DE NOIVA COLE\u00c7\u00c3O\u00a0ROSA CLAR\u00c1 [\/vc_column_text][vc_empty_space height=&#8221;10px&#8221;][vc_column_text] A...","og_url":"https:\/\/www.ivanabeaumond.com.br\/vestidos-noiva\/vestidos-de-noiva-colecao-rosa-clara\/","og_site_name":"Vestido de Noiva RJ","article_publisher":"https:\/\/www.facebook.com\/ivana.beaumondnoivas","article_modified_time":"2018-08-27T18:39:17+00:00","twitter_card":"summary_large_image","twitter_misc":{"Est. tempo de leitura":"1 minuto"},"schema":{"@context":"https:\/\/schema.org","@graph":[{"@type":"WebPage","@id":"https:\/\/www.ivanabeaumond.com.br\/vestidos-noiva\/vestidos-de-noiva-colecao-rosa-clara\/","url":"https:\/\/www.ivanabeaumond.com.br\/vestidos-noiva\/vestidos-de-noiva-colecao-rosa-clara\/","name":"Vestidos de Noiva Cole\u00e7\u00e3o Rosa Clar\u00e1 - Vestido de Noiva RJ","isPartOf":{"@id":"https:\/\/www.ivanabeaumond.com.br\/vestidos-noiva\/#website"},"datePublished":"2017-12-12T16:56:50+00:00","dateModified":"2018-08-27T18:39:17+00:00","breadcrumb":{"@id":"https:\/\/www.ivanabeaumond.com.br\/vestidos-noiva\/vestidos-de-noiva-colecao-rosa-clara\/#breadcrumb"},"inLanguage":"pt-BR","potentialAction":[{"@type":"ReadAction","target":["https:\/\/www.ivanabeaumond.com.br\/vestidos-noiva\/vestidos-de-noiva-colecao-rosa-clara\/"]}]},{"@type":"BreadcrumbList","@id":"https:\/\/www.ivanabeaumond.com.br\/vestidos-noiva\/vestidos-de-noiva-colecao-rosa-clara\/#breadcrumb","itemListElement":[{"@type":"ListItem","position":1,"name":"In\u00edcio","item":"https:\/\/www.ivanabeaumond.com.br\/vestidos-noiva\/"},{"@type":"ListItem","position":2,"name":"Vestidos de Noiva Cole\u00e7\u00e3o Rosa Clar\u00e1"}]},{"@type":"WebSite","@id":"https:\/\/www.ivanabeaumond.com.br\/vestidos-noiva\/#website","url":"https:\/\/www.ivanabeaumond.com.br\/vestidos-noiva\/","name":"Vestido de Noiva RJ","description":"Moda Noiva","publisher":{"@id":"https:\/\/www.ivanabeaumond.com.br\/vestidos-noiva\/#organization"},"potentialAction":[{"@type":"SearchAction","target":{"@type":"EntryPoint","urlTemplate":"https:\/\/www.ivanabeaumond.com.br\/vestidos-noiva\/?s={search_term_string}"},"query-input":"required name=search_term_string"}],"inLanguage":"pt-BR"},{"@type":"Organization","@id":"https:\/\/www.ivanabeaumond.com.br\/vestidos-noiva\/#organization","name":"Vestido de Noiva RJ","url":"https:\/\/www.ivanabeaumond.com.br\/vestidos-noiva\/","logo":{"@type":"ImageObject","inLanguage":"pt-BR","@id":"https:\/\/www.ivanabeaumond.com.br\/vestidos-noiva\/#\/schema\/logo\/image\/","url":"https:\/\/www.ivanabeaumond.com.br\/vestidos-noiva\/wp-content\/uploads\/2018\/02\/logo_ivana_beaumond-2.png","contentUrl":"https:\/\/www.ivanabeaumond.com.br\/vestidos-noiva\/wp-content\/uploads\/2018\/02\/logo_ivana_beaumond-2.png","width":230,"height":112,"caption":"Vestido de Noiva RJ"},"image":{"@id":"https:\/\/www.ivanabeaumond.com.br\/vestidos-noiva\/#\/schema\/logo\/image\/"},"sameAs":["https:\/\/www.facebook.com\/ivana.beaumondnoivas","https:\/\/www.instagram.com\/ivanabeaumond\/","https:\/\/www.tiktok.com\/@ivanabeaumond"]}]}},"_links":{"self":[{"href":"https:\/\/www.ivanabeaumond.com.br\/vestidos-noiva\/wp-json\/wp\/v2\/pages\/14254"}],"collection":[{"href":"https:\/\/www.ivanabeaumond.com.br\/vestidos-noiva\/wp-json\/wp\/v2\/pages"}],"about":[{"href":"https:\/\/www.ivanabeaumond.com.br\/vestidos-noiva\/wp-json\/wp\/v2\/types\/page"}],"author":[{"embeddable":true,"href":"https:\/\/www.ivanabeaumond.com.br\/vestidos-noiva\/wp-json\/wp\/v2\/users\/4"}],"replies":[{"embeddable":true,"href":"https:\/\/www.ivanabeaumond.com.br\/vestidos-noiva\/wp-json\/wp\/v2\/comments?post=14254"}],"version-history":[{"count":4,"href":"https:\/\/www.ivanabeaumond.com.br\/vestidos-noiva\/wp-json\/wp\/v2\/pages\/14254\/revisions"}],"predecessor-version":[{"id":15296,"href":"https:\/\/www.ivanabeaumond.com.br\/vestidos-noiva\/wp-json\/wp\/v2\/pages\/14254\/revisions\/15296"}],"wp:attachment":[{"href":"https:\/\/www.ivanabeaumond.com.br\/vestidos-noiva\/wp-json\/wp\/v2\/media?parent=14254"}],"curies":[{"name":"wp","href":"https:\/\/api.w.org\/{rel}","templated":true}]}}

Vestidos de Noiva Coleção Rosa Clará

[vc_row][vc_column width=&#8221;1/1&#8243;][vc_column_text]
<h1 style="text-align: center;">VESTIDOS DE NOIVA COLEÇÃO ROSA CLARÁ</h1>
[/vc_column_text][vc_empty_space height=&#8221;10px&#8221;][vc_column_text]
<h5 style="text-align: justify;">A Nova Coleção Rosa Clará apresenta o que há de mais charmoso com as novas tendências. Os vestidos de noiva de renda e o protagonismo de decotes e aberturas em saias. A coleção está maravilhosa com os tecidos que se adaptam ao corpo com incrível perfeição, marcando a silhueta. É possível observar decotes espetaculares. É, sem dúvida, a coleção mais charmosa do momento, que apresenta ainda linhas impecáveis decoradas com os melhores enfeites, além dos tules e organzas em tom nude, que simula uma segunda pele. Transparências em saias vaporosas, transparências em mangas de todo tipo, decotes ombro a ombro e decotes ilusão, além das transparências nas costas que dão um charme a mais no seu vestido ideal.</h5>
[/vc_column_text][vc_empty_space height=&#8221;10px&#8221;][vc_single_image image=&#8221;14202&#8243; alignment=&#8221;center&#8221; border_color=&#8221;grey&#8221; img_link_large=&#8221;&#8221; img_link_target=&#8221;_self&#8221; img_size=&#8221;full&#8221;][vc_empty_space height=&#8221;20px&#8221;][vc_gallery type=&#8221;image_grid&#8221; interval=&#8221;3&#8243; images=&#8221;14252,14251,14250,14249,14248,14247,14246,14245,14244,14243,14242,14241,14240,14239,14238,14237,14236,14235,14234,14233,14232,14231,14230,14229,14228,14227,14226,14225,14224,14223,14222,14221,14220,14219,14218,14217,14216,14215,14214,14213,14212,14211,14210,14209,14208,14207,14206&#8243; onclick=&#8221;link_image&#8221; custom_links_target=&#8221;_self&#8221; column_number=&#8221;3&#8243; img_size=&#8221;250&#215;319&#8243;][/vc_column][/vc_row]

<p>[vc_row][vc_column width=&#8221;1/1&#8243;][vc_column_text] VESTIDOS DE NOIVA COLEÇÃO ROSA CLARÁ [/vc_column_text][vc_empty_space height=&#8221;10px&#8221;][vc_column_text] A&#8230;</p>

<!-- This site is optimized with the Yoast SEO plugin v20.3 - https://yoast.com/wordpress/plugins/seo/ -->
<title>Vestidos de Noiva Coleção Rosa Clará - Vestido de Noiva RJ</title>
<meta name="robots" content="index, follow, max-snippet:-1, max-image-preview:large, max-video-preview:-1" />
<link rel="canonical" href="https://www.ivanabeaumond.com.br/vestidos-noiva/vestidos-de-noiva-colecao-rosa-clara/" />
<meta property="og:locale" content="pt_BR" />
<meta property="og:type" content="article" />
<meta property="og:title" content="Vestidos de Noiva Coleção Rosa Clará - Vestido de Noiva RJ" />
<meta property="og:description" content="[vc_row][vc_column width=&#8221;1/1&#8243;][vc_column_text] VESTIDOS DE NOIVA COLEÇÃO ROSA CLARÁ [/vc_column_text][vc_empty_space height=&#8221;10px&#8221;][vc_column_text] A..." />
<meta property="og:url" content="https://www.ivanabeaumond.com.br/vestidos-noiva/vestidos-de-noiva-colecao-rosa-clara/" />
<meta property="og:site_name" content="Vestido de Noiva RJ" />
<meta property="article:publisher" content="https://www.facebook.com/ivana.beaumondnoivas" />
<meta property="article:modified_time" content="2018-08-27T18:39:17+00:00" />
<meta name="twitter:card" content="summary_large_image" />
<meta name="twitter:label1" content="Est. tempo de leitura" />
	<meta name="twitter:data1" content="1 minuto" />
<script type="application/ld+json" class="yoast-schema-graph">{"@context":"https://schema.org","@graph":[{"@type":"WebPage","@id":"https://www.ivanabeaumond.com.br/vestidos-noiva/vestidos-de-noiva-colecao-rosa-clara/","url":"https://www.ivanabeaumond.com.br/vestidos-noiva/vestidos-de-noiva-colecao-rosa-clara/","name":"Vestidos de Noiva Coleção Rosa Clará - Vestido de Noiva RJ","isPartOf":{"@id":"https://www.ivanabeaumond.com.br/vestidos-noiva/#website"},"datePublished":"2017-12-12T16:56:50+00:00","dateModified":"2018-08-27T18:39:17+00:00","breadcrumb":{"@id":"https://www.ivanabeaumond.com.br/vestidos-noiva/vestidos-de-noiva-colecao-rosa-clara/#breadcrumb"},"inLanguage":"pt-BR","potentialAction":[{"@type":"ReadAction","target":["https://www.ivanabeaumond.com.br/vestidos-noiva/vestidos-de-noiva-colecao-rosa-clara/"]}]},{"@type":"BreadcrumbList","@id":"https://www.ivanabeaumond.com.br/vestidos-noiva/vestidos-de-noiva-colecao-rosa-clara/#breadcrumb","itemListElement":[{"@type":"ListItem","position":1,"name":"Início","item":"https://www.ivanabeaumond.com.br/vestidos-noiva/"},{"@type":"ListItem","position":2,"name":"Vestidos de Noiva Coleção Rosa Clará"}]},{"@type":"WebSite","@id":"https://www.ivanabeaumond.com.br/vestidos-noiva/#website","url":"https://www.ivanabeaumond.com.br/vestidos-noiva/","name":"Vestido de Noiva RJ","description":"Moda Noiva","publisher":{"@id":"https://www.ivanabeaumond.com.br/vestidos-noiva/#organization"},"potentialAction":[{"@type":"SearchAction","target":{"@type":"EntryPoint","urlTemplate":"https://www.ivanabeaumond.com.br/vestidos-noiva/?s={search_term_string}"},"query-input":"required name=search_term_string"}],"inLanguage":"pt-BR"},{"@type":"Organization","@id":"https://www.ivanabeaumond.com.br/vestidos-noiva/#organization","name":"Vestido de Noiva RJ","url":"https://www.ivanabeaumond.com.br/vestidos-noiva/","logo":{"@type":"ImageObject","inLanguage":"pt-BR","@id":"https://www.ivanabeaumond.com.br/vestidos-noiva/#/schema/logo/image/","url":"https://www.ivanabeaumond.com.br/vestidos-noiva/wp-content/uploads/2018/02/logo_ivana_beaumond-2.png","contentUrl":"https://www.ivanabeaumond.com.br/vestidos-noiva/wp-content/uploads/2018/02/logo_ivana_beaumond-2.png","width":230,"height":112,"caption":"Vestido de Noiva RJ"},"image":{"@id":"https://www.ivanabeaumond.com.br/vestidos-noiva/#/schema/logo/image/"},"sameAs":["https://www.facebook.com/ivana.beaumondnoivas","https://www.instagram.com/ivanabeaumond/","https://www.tiktok.com/@ivanabeaumond"]}]}</script>
<!-- / Yoast SEO plugin. -->

Vestidos de Noiva Coleção Rosa Clará - Vestido de Noiva RJ

[vc_row][vc_column width=&#8221;1/1&#8243;][vc_column_text] VESTIDOS DE NOIVA COLEÇÃO ROSA CLARÁ [/vc_column_text][vc_empty_space height=&#8221;10px&#8221;][vc_column_text] A...

Início
