{"id":14521,"date":"2018-02-01T20:42:49","date_gmt":"2018-02-01T22:42:49","guid":{"rendered":"http:\/\/www.ivanabeaumond.com.br\/vestidos-noiva\/?page_id=14521"},"modified":"2018-03-26T11:32:38","modified_gmt":"2018-03-26T14:32:38","slug":"atelier-ivana-beaumond","status":"publish","type":"page","link":"https:\/\/www.ivanabeaumond.com.br\/vestidos-noiva\/atelier-ivana-beaumond\/","title":{"rendered":"O ATELIER IVANA BEAUMOND"},"content":{"rendered":"[vc_row][vc_column][vc_column_text]\n<h2 style=\"text-align: center;\"><span style=\"color: #a18300;\">O ATELIER IVANA BEAUMOND<\/span><\/h2>\n[\/vc_column_text][vc_empty_space height=&#8221;20px&#8221;][vc_column_text]\n<h4 style=\"text-align: justify;\"><span style=\"color: #4f4f4f;\">H\u00e1 30 anos no mercado de casamentos, Ivana Beaumond re\u00fane tradi\u00e7\u00e3o e sofistica\u00e7\u00e3o em vestidos de\u00a0noiva e trajes de festa para debutantes, noivos e padrinhos, acess\u00f3rios e vestidos para primeiro aluguel.\u00a0A empres\u00e1ria representa no Brasil alguns dos mais renomados nomes da moda noiva internacional,\u00a0como Rosa Clar\u00e1, Aire Barcelona, Morilee e Franc Sarabia, com cole\u00e7\u00f5es exclusivas que fazem o\u00a0grande dia ainda mais memor\u00e1vel.\u00a0<\/span><\/h4>\n<p>&nbsp;<\/p>\n<h4 style=\"text-align: justify;\"><span style=\"color: #4f4f4f;\">Anualmente, Ivana viaja para feiras e eventos da \u00e1rea, como a Bridal Fair de Paris e a Bridal Week em Barcelona, em busca inspira\u00e7\u00f5es e tend\u00eancias. Com frequ\u00eancia, tamb\u00e9m \u00e9 convidada para ser jurada de desfiles e concursos de moda, o que contribuiu para seu olhar apurado e requintado. \u201cConhecer novos ares, novas cores e lugares ajuda a criar e a se diferenciar dos outros. Morei muitos anos na Europa e essa experi\u00eancia me ajuda a pensar em solu\u00e7\u00f5es inovadoras. Sempre temos novidades para oferecer \u00e0s nossas clientes\u201d, destaca a empres\u00e1ria.<\/span><\/h4>\n<p>&nbsp;<\/p>\n<h4 style=\"text-align: justify;\"><span style=\"color: #4f4f4f;\">A produ\u00e7\u00e3o de vestidos sob medida \u00e9 comandada hoje por sua filha, a estilista Florence Beaumond. Para os pr\u00f3ximos meses, ela aposta na versatilidade das rendas, que podem ter um toque r\u00fastico e seco para casamentos mais despojados, ou de dia, e tamb\u00e9m podem ser muito bem trabalhadas e definidas em recortes e decotes sensuais para propostas mais refinadas, \u00e0 noite. \u201cTrabalhar com renda \u00e9 como lapidar uma joia que se adapta de acordo com a proposta da noiva e do casamento\u201d, comenta Ivana.<\/span><\/h4>\n[\/vc_column_text][vc_empty_space height=&#8221;10px&#8221;][vc_single_image image=&#8221;14265&#8243; alignment=&#8221;center&#8221; border_color=&#8221;grey&#8221; img_link_large=&#8221;&#8221; img_link_target=&#8221;_self&#8221; img_size=&#8221;full&#8221;][vc_empty_space height=&#8221;20px&#8221;][\/vc_column][\/vc_row]\n","protected":false},"excerpt":{"rendered":"<p>[vc_row][vc_column][vc_column_text] O ATELIER IVANA BEAUMOND [\/vc_column_text][vc_empty_space height=&#8221;20px&#8221;][vc_column_text] H\u00e1 30 anos&#8230;<\/p>\n","protected":false},"author":4,"featured_media":0,"parent":0,"menu_order":0,"comment_status":"closed","ping_status":"closed","template":"","meta":[],"yoast_head":"<!-- This site is optimized with the Yoast SEO plugin v20.3 - https:\/\/yoast.com\/wordpress\/plugins\/seo\/ -->\n<title>O ATELIER IVANA BEAUMOND - Vestido de Noiva RJ<\/title>\n<meta name=\"robots\" content=\"index, follow, max-snippet:-1, max-image-preview:large, max-video-preview:-1\" \/>\n<link rel=\"canonical\" href=\"https:\/\/www.ivanabeaumond.com.br\/vestidos-noiva\/atelier-ivana-beaumond\/\" \/>\n<meta property=\"og:locale\" content=\"pt_BR\" \/>\n<meta property=\"og:type\" content=\"article\" \/>\n<meta property=\"og:title\" content=\"O ATELIER IVANA BEAUMOND - Vestido de Noiva RJ\" \/>\n<meta property=\"og:description\" content=\"[vc_row][vc_column][vc_column_text] O ATELIER IVANA BEAUMOND [\/vc_column_text][vc_empty_space height=&#8221;20px&#8221;][vc_column_text] H\u00e1 30 anos...\" \/>\n<meta property=\"og:url\" content=\"https:\/\/www.ivanabeaumond.com.br\/vestidos-noiva\/atelier-ivana-beaumond\/\" \/>\n<meta property=\"og:site_name\" content=\"Vestido de Noiva RJ\" \/>\n<meta property=\"article:publisher\" content=\"https:\/\/www.facebook.com\/ivana.beaumondnoivas\" \/>\n<meta property=\"article:modified_time\" content=\"2018-03-26T14:32:38+00:00\" \/>\n<meta name=\"twitter:card\" content=\"summary_large_image\" \/>\n<meta name=\"twitter:label1\" content=\"Est. tempo de leitura\" \/>\n\t<meta name=\"twitter:data1\" content=\"2 minutos\" \/>\n<script type=\"application\/ld+json\" class=\"yoast-schema-graph\">{\"@context\":\"https:\/\/schema.org\",\"@graph\":[{\"@type\":\"WebPage\",\"@id\":\"https:\/\/www.ivanabeaumond.com.br\/vestidos-noiva\/atelier-ivana-beaumond\/\",\"url\":\"https:\/\/www.ivanabeaumond.com.br\/vestidos-noiva\/atelier-ivana-beaumond\/\",\"name\":\"O ATELIER IVANA BEAUMOND - Vestido de Noiva RJ\",\"isPartOf\":{\"@id\":\"https:\/\/www.ivanabeaumond.com.br\/vestidos-noiva\/#website\"},\"datePublished\":\"2018-02-01T22:42:49+00:00\",\"dateModified\":\"2018-03-26T14:32:38+00:00\",\"breadcrumb\":{\"@id\":\"https:\/\/www.ivanabeaumond.com.br\/vestidos-noiva\/atelier-ivana-beaumond\/#breadcrumb\"},\"inLanguage\":\"pt-BR\",\"potentialAction\":[{\"@type\":\"ReadAction\",\"target\":[\"https:\/\/www.ivanabeaumond.com.br\/vestidos-noiva\/atelier-ivana-beaumond\/\"]}]},{\"@type\":\"BreadcrumbList\",\"@id\":\"https:\/\/www.ivanabeaumond.com.br\/vestidos-noiva\/atelier-ivana-beaumond\/#breadcrumb\",\"itemListElement\":[{\"@type\":\"ListItem\",\"position\":1,\"name\":\"In\u00edcio\",\"item\":\"https:\/\/www.ivanabeaumond.com.br\/vestidos-noiva\/\"},{\"@type\":\"ListItem\",\"position\":2,\"name\":\"O ATELIER IVANA BEAUMOND\"}]},{\"@type\":\"WebSite\",\"@id\":\"https:\/\/www.ivanabeaumond.com.br\/vestidos-noiva\/#website\",\"url\":\"https:\/\/www.ivanabeaumond.com.br\/vestidos-noiva\/\",\"name\":\"Vestido de Noiva RJ\",\"description\":\"Moda Noiva\",\"publisher\":{\"@id\":\"https:\/\/www.ivanabeaumond.com.br\/vestidos-noiva\/#organization\"},\"potentialAction\":[{\"@type\":\"SearchAction\",\"target\":{\"@type\":\"EntryPoint\",\"urlTemplate\":\"https:\/\/www.ivanabeaumond.com.br\/vestidos-noiva\/?s={search_term_string}\"},\"query-input\":\"required name=search_term_string\"}],\"inLanguage\":\"pt-BR\"},{\"@type\":\"Organization\",\"@id\":\"https:\/\/www.ivanabeaumond.com.br\/vestidos-noiva\/#organization\",\"name\":\"Vestido de Noiva RJ\",\"url\":\"https:\/\/www.ivanabeaumond.com.br\/vestidos-noiva\/\",\"logo\":{\"@type\":\"ImageObject\",\"inLanguage\":\"pt-BR\",\"@id\":\"https:\/\/www.ivanabeaumond.com.br\/vestidos-noiva\/#\/schema\/logo\/image\/\",\"url\":\"https:\/\/www.ivanabeaumond.com.br\/vestidos-noiva\/wp-content\/uploads\/2018\/02\/logo_ivana_beaumond-2.png\",\"contentUrl\":\"https:\/\/www.ivanabeaumond.com.br\/vestidos-noiva\/wp-content\/uploads\/2018\/02\/logo_ivana_beaumond-2.png\",\"width\":230,\"height\":112,\"caption\":\"Vestido de Noiva RJ\"},\"image\":{\"@id\":\"https:\/\/www.ivanabeaumond.com.br\/vestidos-noiva\/#\/schema\/logo\/image\/\"},\"sameAs\":[\"https:\/\/www.facebook.com\/ivana.beaumondnoivas\",\"https:\/\/www.instagram.com\/ivanabeaumond\/\",\"https:\/\/www.tiktok.com\/@ivanabeaumond\"]}]}<\/script>\n<!-- \/ Yoast SEO plugin. -->","yoast_head_json":{"title":"O ATELIER IVANA BEAUMOND - Vestido de Noiva RJ","robots":{"index":"index","follow":"follow","max-snippet":"max-snippet:-1","max-image-preview":"max-image-preview:large","max-video-preview":"max-video-preview:-1"},"canonical":"https:\/\/www.ivanabeaumond.com.br\/vestidos-noiva\/atelier-ivana-beaumond\/","og_locale":"pt_BR","og_type":"article","og_title":"O ATELIER IVANA BEAUMOND - Vestido de Noiva RJ","og_description":"[vc_row][vc_column][vc_column_text] O ATELIER IVANA BEAUMOND [\/vc_column_text][vc_empty_space height=&#8221;20px&#8221;][vc_column_text] H\u00e1 30 anos...","og_url":"https:\/\/www.ivanabeaumond.com.br\/vestidos-noiva\/atelier-ivana-beaumond\/","og_site_name":"Vestido de Noiva RJ","article_publisher":"https:\/\/www.facebook.com\/ivana.beaumondnoivas","article_modified_time":"2018-03-26T14:32:38+00:00","twitter_card":"summary_large_image","twitter_misc":{"Est. tempo de leitura":"2 minutos"},"schema":{"@context":"https:\/\/schema.org","@graph":[{"@type":"WebPage","@id":"https:\/\/www.ivanabeaumond.com.br\/vestidos-noiva\/atelier-ivana-beaumond\/","url":"https:\/\/www.ivanabeaumond.com.br\/vestidos-noiva\/atelier-ivana-beaumond\/","name":"O ATELIER IVANA BEAUMOND - Vestido de Noiva RJ","isPartOf":{"@id":"https:\/\/www.ivanabeaumond.com.br\/vestidos-noiva\/#website"},"datePublished":"2018-02-01T22:42:49+00:00","dateModified":"2018-03-26T14:32:38+00:00","breadcrumb":{"@id":"https:\/\/www.ivanabeaumond.com.br\/vestidos-noiva\/atelier-ivana-beaumond\/#breadcrumb"},"inLanguage":"pt-BR","potentialAction":[{"@type":"ReadAction","target":["https:\/\/www.ivanabeaumond.com.br\/vestidos-noiva\/atelier-ivana-beaumond\/"]}]},{"@type":"BreadcrumbList","@id":"https:\/\/www.ivanabeaumond.com.br\/vestidos-noiva\/atelier-ivana-beaumond\/#breadcrumb","itemListElement":[{"@type":"ListItem","position":1,"name":"In\u00edcio","item":"https:\/\/www.ivanabeaumond.com.br\/vestidos-noiva\/"},{"@type":"ListItem","position":2,"name":"O ATELIER IVANA BEAUMOND"}]},{"@type":"WebSite","@id":"https:\/\/www.ivanabeaumond.com.br\/vestidos-noiva\/#website","url":"https:\/\/www.ivanabeaumond.com.br\/vestidos-noiva\/","name":"Vestido de Noiva RJ","description":"Moda Noiva","publisher":{"@id":"https:\/\/www.ivanabeaumond.com.br\/vestidos-noiva\/#organization"},"potentialAction":[{"@type":"SearchAction","target":{"@type":"EntryPoint","urlTemplate":"https:\/\/www.ivanabeaumond.com.br\/vestidos-noiva\/?s={search_term_string}"},"query-input":"required name=search_term_string"}],"inLanguage":"pt-BR"},{"@type":"Organization","@id":"https:\/\/www.ivanabeaumond.com.br\/vestidos-noiva\/#organization","name":"Vestido de Noiva RJ","url":"https:\/\/www.ivanabeaumond.com.br\/vestidos-noiva\/","logo":{"@type":"ImageObject","inLanguage":"pt-BR","@id":"https:\/\/www.ivanabeaumond.com.br\/vestidos-noiva\/#\/schema\/logo\/image\/","url":"https:\/\/www.ivanabeaumond.com.br\/vestidos-noiva\/wp-content\/uploads\/2018\/02\/logo_ivana_beaumond-2.png","contentUrl":"https:\/\/www.ivanabeaumond.com.br\/vestidos-noiva\/wp-content\/uploads\/2018\/02\/logo_ivana_beaumond-2.png","width":230,"height":112,"caption":"Vestido de Noiva RJ"},"image":{"@id":"https:\/\/www.ivanabeaumond.com.br\/vestidos-noiva\/#\/schema\/logo\/image\/"},"sameAs":["https:\/\/www.facebook.com\/ivana.beaumondnoivas","https:\/\/www.instagram.com\/ivanabeaumond\/","https:\/\/www.tiktok.com\/@ivanabeaumond"]}]}},"_links":{"self":[{"href":"https:\/\/www.ivanabeaumond.com.br\/vestidos-noiva\/wp-json\/wp\/v2\/pages\/14521"}],"collection":[{"href":"https:\/\/www.ivanabeaumond.com.br\/vestidos-noiva\/wp-json\/wp\/v2\/pages"}],"about":[{"href":"https:\/\/www.ivanabeaumond.com.br\/vestidos-noiva\/wp-json\/wp\/v2\/types\/page"}],"author":[{"embeddable":true,"href":"https:\/\/www.ivanabeaumond.com.br\/vestidos-noiva\/wp-json\/wp\/v2\/users\/4"}],"replies":[{"embeddable":true,"href":"https:\/\/www.ivanabeaumond.com.br\/vestidos-noiva\/wp-json\/wp\/v2\/comments?post=14521"}],"version-history":[{"count":9,"href":"https:\/\/www.ivanabeaumond.com.br\/vestidos-noiva\/wp-json\/wp\/v2\/pages\/14521\/revisions"}],"predecessor-version":[{"id":14812,"href":"https:\/\/www.ivanabeaumond.com.br\/vestidos-noiva\/wp-json\/wp\/v2\/pages\/14521\/revisions\/14812"}],"wp:attachment":[{"href":"https:\/\/www.ivanabeaumond.com.br\/vestidos-noiva\/wp-json\/wp\/v2\/media?parent=14521"}],"curies":[{"name":"wp","href":"https:\/\/api.w.org\/{rel}","templated":true}]}}

[vc_row][vc_column][vc_column_text]
<h2 style="text-align: center;"><span style="color: #a18300;">O ATELIER IVANA BEAUMOND</span></h2>
[/vc_column_text][vc_empty_space height=&#8221;20px&#8221;][vc_column_text]
<h4 style="text-align: justify;"><span style="color: #4f4f4f;">Há 30 anos no mercado de casamentos, Ivana Beaumond reúne tradição e sofisticação em vestidos de noiva e trajes de festa para debutantes, noivos e padrinhos, acessórios e vestidos para primeiro aluguel. A empresária representa no Brasil alguns dos mais renomados nomes da moda noiva internacional, como Rosa Clará, Aire Barcelona, Morilee e Franc Sarabia, com coleções exclusivas que fazem o grande dia ainda mais memorável. </span></h4>
<p>&nbsp;</p>
<h4 style="text-align: justify;"><span style="color: #4f4f4f;">Anualmente, Ivana viaja para feiras e eventos da área, como a Bridal Fair de Paris e a Bridal Week em Barcelona, em busca inspirações e tendências. Com frequência, também é convidada para ser jurada de desfiles e concursos de moda, o que contribuiu para seu olhar apurado e requintado. “Conhecer novos ares, novas cores e lugares ajuda a criar e a se diferenciar dos outros. Morei muitos anos na Europa e essa experiência me ajuda a pensar em soluções inovadoras. Sempre temos novidades para oferecer às nossas clientes”, destaca a empresária.</span></h4>
<p>&nbsp;</p>
<h4 style="text-align: justify;"><span style="color: #4f4f4f;">A produção de vestidos sob medida é comandada hoje por sua filha, a estilista Florence Beaumond. Para os próximos meses, ela aposta na versatilidade das rendas, que podem ter um toque rústico e seco para casamentos mais despojados, ou de dia, e também podem ser muito bem trabalhadas e definidas em recortes e decotes sensuais para propostas mais refinadas, à noite. “Trabalhar com renda é como lapidar uma joia que se adapta de acordo com a proposta da noiva e do casamento”, comenta Ivana.</span></h4>
[/vc_column_text][vc_empty_space height=&#8221;10px&#8221;][vc_single_image image=&#8221;14265&#8243; alignment=&#8221;center&#8221; border_color=&#8221;grey&#8221; img_link_large=&#8221;&#8221; img_link_target=&#8221;_self&#8221; img_size=&#8221;full&#8221;][vc_empty_space height=&#8221;20px&#8221;][/vc_column][/vc_row]

<p>[vc_row][vc_column][vc_column_text] O ATELIER IVANA BEAUMOND [/vc_column_text][vc_empty_space height=&#8221;20px&#8221;][vc_column_text] Há 30 anos&#8230;</p>

<!-- This site is optimized with the Yoast SEO plugin v20.3 - https://yoast.com/wordpress/plugins/seo/ -->
<title>O ATELIER IVANA BEAUMOND - Vestido de Noiva RJ</title>
<meta name="robots" content="index, follow, max-snippet:-1, max-image-preview:large, max-video-preview:-1" />
<link rel="canonical" href="https://www.ivanabeaumond.com.br/vestidos-noiva/atelier-ivana-beaumond/" />
<meta property="og:locale" content="pt_BR" />
<meta property="og:type" content="article" />
<meta property="og:title" content="O ATELIER IVANA BEAUMOND - Vestido de Noiva RJ" />
<meta property="og:description" content="[vc_row][vc_column][vc_column_text] O ATELIER IVANA BEAUMOND [/vc_column_text][vc_empty_space height=&#8221;20px&#8221;][vc_column_text] Há 30 anos..." />
<meta property="og:url" content="https://www.ivanabeaumond.com.br/vestidos-noiva/atelier-ivana-beaumond/" />
<meta property="og:site_name" content="Vestido de Noiva RJ" />
<meta property="article:publisher" content="https://www.facebook.com/ivana.beaumondnoivas" />
<meta property="article:modified_time" content="2018-03-26T14:32:38+00:00" />
<meta name="twitter:card" content="summary_large_image" />
<meta name="twitter:label1" content="Est. tempo de leitura" />
	<meta name="twitter:data1" content="2 minutos" />
<script type="application/ld+json" class="yoast-schema-graph">{"@context":"https://schema.org","@graph":[{"@type":"WebPage","@id":"https://www.ivanabeaumond.com.br/vestidos-noiva/atelier-ivana-beaumond/","url":"https://www.ivanabeaumond.com.br/vestidos-noiva/atelier-ivana-beaumond/","name":"O ATELIER IVANA BEAUMOND - Vestido de Noiva RJ","isPartOf":{"@id":"https://www.ivanabeaumond.com.br/vestidos-noiva/#website"},"datePublished":"2018-02-01T22:42:49+00:00","dateModified":"2018-03-26T14:32:38+00:00","breadcrumb":{"@id":"https://www.ivanabeaumond.com.br/vestidos-noiva/atelier-ivana-beaumond/#breadcrumb"},"inLanguage":"pt-BR","potentialAction":[{"@type":"ReadAction","target":["https://www.ivanabeaumond.com.br/vestidos-noiva/atelier-ivana-beaumond/"]}]},{"@type":"BreadcrumbList","@id":"https://www.ivanabeaumond.com.br/vestidos-noiva/atelier-ivana-beaumond/#breadcrumb","itemListElement":[{"@type":"ListItem","position":1,"name":"Início","item":"https://www.ivanabeaumond.com.br/vestidos-noiva/"},{"@type":"ListItem","position":2,"name":"O ATELIER IVANA BEAUMOND"}]},{"@type":"WebSite","@id":"https://www.ivanabeaumond.com.br/vestidos-noiva/#website","url":"https://www.ivanabeaumond.com.br/vestidos-noiva/","name":"Vestido de Noiva RJ","description":"Moda Noiva","publisher":{"@id":"https://www.ivanabeaumond.com.br/vestidos-noiva/#organization"},"potentialAction":[{"@type":"SearchAction","target":{"@type":"EntryPoint","urlTemplate":"https://www.ivanabeaumond.com.br/vestidos-noiva/?s={search_term_string}"},"query-input":"required name=search_term_string"}],"inLanguage":"pt-BR"},{"@type":"Organization","@id":"https://www.ivanabeaumond.com.br/vestidos-noiva/#organization","name":"Vestido de Noiva RJ","url":"https://www.ivanabeaumond.com.br/vestidos-noiva/","logo":{"@type":"ImageObject","inLanguage":"pt-BR","@id":"https://www.ivanabeaumond.com.br/vestidos-noiva/#/schema/logo/image/","url":"https://www.ivanabeaumond.com.br/vestidos-noiva/wp-content/uploads/2018/02/logo_ivana_beaumond-2.png","contentUrl":"https://www.ivanabeaumond.com.br/vestidos-noiva/wp-content/uploads/2018/02/logo_ivana_beaumond-2.png","width":230,"height":112,"caption":"Vestido de Noiva RJ"},"image":{"@id":"https://www.ivanabeaumond.com.br/vestidos-noiva/#/schema/logo/image/"},"sameAs":["https://www.facebook.com/ivana.beaumondnoivas","https://www.instagram.com/ivanabeaumond/","https://www.tiktok.com/@ivanabeaumond"]}]}</script>
<!-- / Yoast SEO plugin. -->

[vc_row][vc_column][vc_column_text] O ATELIER IVANA BEAUMOND [/vc_column_text][vc_empty_space height=&#8221;20px&#8221;][vc_column_text] Há 30 anos...

Início
