{"id":15193,"date":"2018-08-23T16:50:16","date_gmt":"2018-08-23T19:50:16","guid":{"rendered":"http:\/\/www.ivanabeaumond.com.br\/vestidos-noiva\/?page_id=15193"},"modified":"2018-11-19T18:12:41","modified_gmt":"2018-11-19T20:12:41","slug":"vestidos-de-noiva-colecao-demetrios","status":"publish","type":"page","link":"https:\/\/www.ivanabeaumond.com.br\/vestidos-noiva\/vestidos-de-noiva-colecao-demetrios\/","title":{"rendered":"Vestidos de Noiva Cole\u00e7\u00e3o Demetrios"},"content":{"rendered":"[vc_row][vc_column width=&#8221;1\/1&#8243;][vc_column_text]\n<h1 style=\"text-align: center;\">VESTIDOS DE NOIVA COLE\u00c7\u00c3O\u00a0DEMETRIOS<\/h1>\n[\/vc_column_text][vc_empty_space height=&#8221;10px&#8221;][vc_column_text]\n<h5 style=\"text-align: justify;\">A mais aguardada cole\u00e7\u00e3o da Demetrios Austr\u00e1lia by IVANA BEAUMOND, oferece a Noiva moderna uma grande variedade de estilos vers\u00e1teis e repletos das tend\u00eancias mais desejadas. Se voc\u00ea est\u00e1 prestes a dizer \u201csim, eu aceito\u201d, n\u00e3o perca tempo e venha correndo conferir as novidades. A cole\u00e7\u00e3o est\u00e1 cheia de estilismos certamente, aqui, existe um lindo e moderno modelo perfeito para voc\u00ea brilhar ainda mais no seu grande dia.<\/h5>\n[\/vc_column_text][vc_empty_space height=&#8221;10px&#8221;][vc_single_image image=&#8221;15276&#8243; alignment=&#8221;center&#8221; border_color=&#8221;grey&#8221; img_link_large=&#8221;&#8221; img_link_target=&#8221;_self&#8221; img_size=&#8221;full&#8221;][vc_empty_space height=&#8221;20px&#8221;][vc_gallery type=&#8221;image_grid&#8221; interval=&#8221;3&#8243; images=&#8221;15195,15196,15197,15198,15199,15200,15201,15202,15203,15204,15205,15206,15207,15208,15209,15210,15211,15212,15213,15214,15215,15216,15217,15218,15219,15220,15221,15222,15223,15224,15225,15226,15227,15228,15229,15230,15231,15232,15233,15234,15235,15236,15237,15238,15239,15240,15241,15242,15243,15244,15245,15246,15247,15248,15249,15250,15251,15252,15253,15254,15255,15256,15257,15258,15259,15260,15261,15262,15263,15264,15265,15266,15267,15268,15269,15270,15271,15272,15273,15274&#8243; onclick=&#8221;link_image&#8221; custom_links_target=&#8221;_self&#8221; column_number=&#8221;3&#8243; img_size=&#8221;319&#215;419&#8243;][\/vc_column][\/vc_row]\n","protected":false},"excerpt":{"rendered":"<p>[vc_row][vc_column width=&#8221;1\/1&#8243;][vc_column_text] VESTIDOS DE NOIVA COLE\u00c7\u00c3O\u00a0DEMETRIOS [\/vc_column_text][vc_empty_space height=&#8221;10px&#8221;][vc_column_text] A mais&#8230;<\/p>\n","protected":false},"author":4,"featured_media":0,"parent":0,"menu_order":0,"comment_status":"closed","ping_status":"closed","template":"","meta":[],"yoast_head":"<!-- This site is optimized with the Yoast SEO plugin v20.3 - https:\/\/yoast.com\/wordpress\/plugins\/seo\/ -->\n<title>Vestidos de Noiva Cole\u00e7\u00e3o Demetrios - Vestido de Noiva RJ<\/title>\n<meta name=\"robots\" content=\"index, follow, max-snippet:-1, max-image-preview:large, max-video-preview:-1\" \/>\n<link rel=\"canonical\" href=\"https:\/\/www.ivanabeaumond.com.br\/vestidos-noiva\/vestidos-de-noiva-colecao-demetrios\/\" \/>\n<meta property=\"og:locale\" content=\"pt_BR\" \/>\n<meta property=\"og:type\" content=\"article\" \/>\n<meta property=\"og:title\" content=\"Vestidos de Noiva Cole\u00e7\u00e3o Demetrios - Vestido de Noiva RJ\" \/>\n<meta property=\"og:description\" content=\"[vc_row][vc_column width=&#8221;1\/1&#8243;][vc_column_text] VESTIDOS DE NOIVA COLE\u00c7\u00c3O\u00a0DEMETRIOS [\/vc_column_text][vc_empty_space height=&#8221;10px&#8221;][vc_column_text] A mais...\" \/>\n<meta property=\"og:url\" content=\"https:\/\/www.ivanabeaumond.com.br\/vestidos-noiva\/vestidos-de-noiva-colecao-demetrios\/\" \/>\n<meta property=\"og:site_name\" content=\"Vestido de Noiva RJ\" \/>\n<meta property=\"article:publisher\" content=\"https:\/\/www.facebook.com\/ivana.beaumondnoivas\" \/>\n<meta property=\"article:modified_time\" content=\"2018-11-19T20:12:41+00:00\" \/>\n<meta name=\"twitter:card\" content=\"summary_large_image\" \/>\n<meta name=\"twitter:label1\" content=\"Est. tempo de leitura\" \/>\n\t<meta name=\"twitter:data1\" content=\"1 minuto\" \/>\n<script type=\"application\/ld+json\" class=\"yoast-schema-graph\">{\"@context\":\"https:\/\/schema.org\",\"@graph\":[{\"@type\":\"WebPage\",\"@id\":\"https:\/\/www.ivanabeaumond.com.br\/vestidos-noiva\/vestidos-de-noiva-colecao-demetrios\/\",\"url\":\"https:\/\/www.ivanabeaumond.com.br\/vestidos-noiva\/vestidos-de-noiva-colecao-demetrios\/\",\"name\":\"Vestidos de Noiva Cole\u00e7\u00e3o Demetrios - Vestido de Noiva RJ\",\"isPartOf\":{\"@id\":\"https:\/\/www.ivanabeaumond.com.br\/vestidos-noiva\/#website\"},\"datePublished\":\"2018-08-23T19:50:16+00:00\",\"dateModified\":\"2018-11-19T20:12:41+00:00\",\"breadcrumb\":{\"@id\":\"https:\/\/www.ivanabeaumond.com.br\/vestidos-noiva\/vestidos-de-noiva-colecao-demetrios\/#breadcrumb\"},\"inLanguage\":\"pt-BR\",\"potentialAction\":[{\"@type\":\"ReadAction\",\"target\":[\"https:\/\/www.ivanabeaumond.com.br\/vestidos-noiva\/vestidos-de-noiva-colecao-demetrios\/\"]}]},{\"@type\":\"BreadcrumbList\",\"@id\":\"https:\/\/www.ivanabeaumond.com.br\/vestidos-noiva\/vestidos-de-noiva-colecao-demetrios\/#breadcrumb\",\"itemListElement\":[{\"@type\":\"ListItem\",\"position\":1,\"name\":\"In\u00edcio\",\"item\":\"https:\/\/www.ivanabeaumond.com.br\/vestidos-noiva\/\"},{\"@type\":\"ListItem\",\"position\":2,\"name\":\"Vestidos de Noiva Cole\u00e7\u00e3o Demetrios\"}]},{\"@type\":\"WebSite\",\"@id\":\"https:\/\/www.ivanabeaumond.com.br\/vestidos-noiva\/#website\",\"url\":\"https:\/\/www.ivanabeaumond.com.br\/vestidos-noiva\/\",\"name\":\"Vestido de Noiva RJ\",\"description\":\"Moda Noiva\",\"publisher\":{\"@id\":\"https:\/\/www.ivanabeaumond.com.br\/vestidos-noiva\/#organization\"},\"potentialAction\":[{\"@type\":\"SearchAction\",\"target\":{\"@type\":\"EntryPoint\",\"urlTemplate\":\"https:\/\/www.ivanabeaumond.com.br\/vestidos-noiva\/?s={search_term_string}\"},\"query-input\":\"required name=search_term_string\"}],\"inLanguage\":\"pt-BR\"},{\"@type\":\"Organization\",\"@id\":\"https:\/\/www.ivanabeaumond.com.br\/vestidos-noiva\/#organization\",\"name\":\"Vestido de Noiva RJ\",\"url\":\"https:\/\/www.ivanabeaumond.com.br\/vestidos-noiva\/\",\"logo\":{\"@type\":\"ImageObject\",\"inLanguage\":\"pt-BR\",\"@id\":\"https:\/\/www.ivanabeaumond.com.br\/vestidos-noiva\/#\/schema\/logo\/image\/\",\"url\":\"https:\/\/www.ivanabeaumond.com.br\/vestidos-noiva\/wp-content\/uploads\/2018\/02\/logo_ivana_beaumond-2.png\",\"contentUrl\":\"https:\/\/www.ivanabeaumond.com.br\/vestidos-noiva\/wp-content\/uploads\/2018\/02\/logo_ivana_beaumond-2.png\",\"width\":230,\"height\":112,\"caption\":\"Vestido de Noiva RJ\"},\"image\":{\"@id\":\"https:\/\/www.ivanabeaumond.com.br\/vestidos-noiva\/#\/schema\/logo\/image\/\"},\"sameAs\":[\"https:\/\/www.facebook.com\/ivana.beaumondnoivas\",\"https:\/\/www.instagram.com\/ivanabeaumond\/\",\"https:\/\/www.tiktok.com\/@ivanabeaumond\"]}]}<\/script>\n<!-- \/ Yoast SEO plugin. -->","yoast_head_json":{"title":"Vestidos de Noiva Cole\u00e7\u00e3o Demetrios - Vestido de Noiva RJ","robots":{"index":"index","follow":"follow","max-snippet":"max-snippet:-1","max-image-preview":"max-image-preview:large","max-video-preview":"max-video-preview:-1"},"canonical":"https:\/\/www.ivanabeaumond.com.br\/vestidos-noiva\/vestidos-de-noiva-colecao-demetrios\/","og_locale":"pt_BR","og_type":"article","og_title":"Vestidos de Noiva Cole\u00e7\u00e3o Demetrios - Vestido de Noiva RJ","og_description":"[vc_row][vc_column width=&#8221;1\/1&#8243;][vc_column_text] VESTIDOS DE NOIVA COLE\u00c7\u00c3O\u00a0DEMETRIOS [\/vc_column_text][vc_empty_space height=&#8221;10px&#8221;][vc_column_text] A mais...","og_url":"https:\/\/www.ivanabeaumond.com.br\/vestidos-noiva\/vestidos-de-noiva-colecao-demetrios\/","og_site_name":"Vestido de Noiva RJ","article_publisher":"https:\/\/www.facebook.com\/ivana.beaumondnoivas","article_modified_time":"2018-11-19T20:12:41+00:00","twitter_card":"summary_large_image","twitter_misc":{"Est. tempo de leitura":"1 minuto"},"schema":{"@context":"https:\/\/schema.org","@graph":[{"@type":"WebPage","@id":"https:\/\/www.ivanabeaumond.com.br\/vestidos-noiva\/vestidos-de-noiva-colecao-demetrios\/","url":"https:\/\/www.ivanabeaumond.com.br\/vestidos-noiva\/vestidos-de-noiva-colecao-demetrios\/","name":"Vestidos de Noiva Cole\u00e7\u00e3o Demetrios - Vestido de Noiva RJ","isPartOf":{"@id":"https:\/\/www.ivanabeaumond.com.br\/vestidos-noiva\/#website"},"datePublished":"2018-08-23T19:50:16+00:00","dateModified":"2018-11-19T20:12:41+00:00","breadcrumb":{"@id":"https:\/\/www.ivanabeaumond.com.br\/vestidos-noiva\/vestidos-de-noiva-colecao-demetrios\/#breadcrumb"},"inLanguage":"pt-BR","potentialAction":[{"@type":"ReadAction","target":["https:\/\/www.ivanabeaumond.com.br\/vestidos-noiva\/vestidos-de-noiva-colecao-demetrios\/"]}]},{"@type":"BreadcrumbList","@id":"https:\/\/www.ivanabeaumond.com.br\/vestidos-noiva\/vestidos-de-noiva-colecao-demetrios\/#breadcrumb","itemListElement":[{"@type":"ListItem","position":1,"name":"In\u00edcio","item":"https:\/\/www.ivanabeaumond.com.br\/vestidos-noiva\/"},{"@type":"ListItem","position":2,"name":"Vestidos de Noiva Cole\u00e7\u00e3o Demetrios"}]},{"@type":"WebSite","@id":"https:\/\/www.ivanabeaumond.com.br\/vestidos-noiva\/#website","url":"https:\/\/www.ivanabeaumond.com.br\/vestidos-noiva\/","name":"Vestido de Noiva RJ","description":"Moda Noiva","publisher":{"@id":"https:\/\/www.ivanabeaumond.com.br\/vestidos-noiva\/#organization"},"potentialAction":[{"@type":"SearchAction","target":{"@type":"EntryPoint","urlTemplate":"https:\/\/www.ivanabeaumond.com.br\/vestidos-noiva\/?s={search_term_string}"},"query-input":"required name=search_term_string"}],"inLanguage":"pt-BR"},{"@type":"Organization","@id":"https:\/\/www.ivanabeaumond.com.br\/vestidos-noiva\/#organization","name":"Vestido de Noiva RJ","url":"https:\/\/www.ivanabeaumond.com.br\/vestidos-noiva\/","logo":{"@type":"ImageObject","inLanguage":"pt-BR","@id":"https:\/\/www.ivanabeaumond.com.br\/vestidos-noiva\/#\/schema\/logo\/image\/","url":"https:\/\/www.ivanabeaumond.com.br\/vestidos-noiva\/wp-content\/uploads\/2018\/02\/logo_ivana_beaumond-2.png","contentUrl":"https:\/\/www.ivanabeaumond.com.br\/vestidos-noiva\/wp-content\/uploads\/2018\/02\/logo_ivana_beaumond-2.png","width":230,"height":112,"caption":"Vestido de Noiva RJ"},"image":{"@id":"https:\/\/www.ivanabeaumond.com.br\/vestidos-noiva\/#\/schema\/logo\/image\/"},"sameAs":["https:\/\/www.facebook.com\/ivana.beaumondnoivas","https:\/\/www.instagram.com\/ivanabeaumond\/","https:\/\/www.tiktok.com\/@ivanabeaumond"]}]}},"_links":{"self":[{"href":"https:\/\/www.ivanabeaumond.com.br\/vestidos-noiva\/wp-json\/wp\/v2\/pages\/15193"}],"collection":[{"href":"https:\/\/www.ivanabeaumond.com.br\/vestidos-noiva\/wp-json\/wp\/v2\/pages"}],"about":[{"href":"https:\/\/www.ivanabeaumond.com.br\/vestidos-noiva\/wp-json\/wp\/v2\/types\/page"}],"author":[{"embeddable":true,"href":"https:\/\/www.ivanabeaumond.com.br\/vestidos-noiva\/wp-json\/wp\/v2\/users\/4"}],"replies":[{"embeddable":true,"href":"https:\/\/www.ivanabeaumond.com.br\/vestidos-noiva\/wp-json\/wp\/v2\/comments?post=15193"}],"version-history":[{"count":5,"href":"https:\/\/www.ivanabeaumond.com.br\/vestidos-noiva\/wp-json\/wp\/v2\/pages\/15193\/revisions"}],"predecessor-version":[{"id":15366,"href":"https:\/\/www.ivanabeaumond.com.br\/vestidos-noiva\/wp-json\/wp\/v2\/pages\/15193\/revisions\/15366"}],"wp:attachment":[{"href":"https:\/\/www.ivanabeaumond.com.br\/vestidos-noiva\/wp-json\/wp\/v2\/media?parent=15193"}],"curies":[{"name":"wp","href":"https:\/\/api.w.org\/{rel}","templated":true}]}}

Vestidos de Noiva Coleção Demetrios

[vc_row][vc_column width=&#8221;1/1&#8243;][vc_column_text]
<h1 style="text-align: center;">VESTIDOS DE NOIVA COLEÇÃO DEMETRIOS</h1>
[/vc_column_text][vc_empty_space height=&#8221;10px&#8221;][vc_column_text]
<h5 style="text-align: justify;">A mais aguardada coleção da Demetrios Austrália by IVANA BEAUMOND, oferece a Noiva moderna uma grande variedade de estilos versáteis e repletos das tendências mais desejadas. Se você está prestes a dizer “sim, eu aceito”, não perca tempo e venha correndo conferir as novidades. A coleção está cheia de estilismos certamente, aqui, existe um lindo e moderno modelo perfeito para você brilhar ainda mais no seu grande dia.</h5>
[/vc_column_text][vc_empty_space height=&#8221;10px&#8221;][vc_single_image image=&#8221;15276&#8243; alignment=&#8221;center&#8221; border_color=&#8221;grey&#8221; img_link_large=&#8221;&#8221; img_link_target=&#8221;_self&#8221; img_size=&#8221;full&#8221;][vc_empty_space height=&#8221;20px&#8221;][vc_gallery type=&#8221;image_grid&#8221; interval=&#8221;3&#8243; images=&#8221;15195,15196,15197,15198,15199,15200,15201,15202,15203,15204,15205,15206,15207,15208,15209,15210,15211,15212,15213,15214,15215,15216,15217,15218,15219,15220,15221,15222,15223,15224,15225,15226,15227,15228,15229,15230,15231,15232,15233,15234,15235,15236,15237,15238,15239,15240,15241,15242,15243,15244,15245,15246,15247,15248,15249,15250,15251,15252,15253,15254,15255,15256,15257,15258,15259,15260,15261,15262,15263,15264,15265,15266,15267,15268,15269,15270,15271,15272,15273,15274&#8243; onclick=&#8221;link_image&#8221; custom_links_target=&#8221;_self&#8221; column_number=&#8221;3&#8243; img_size=&#8221;319&#215;419&#8243;][/vc_column][/vc_row]

<p>[vc_row][vc_column width=&#8221;1/1&#8243;][vc_column_text] VESTIDOS DE NOIVA COLEÇÃO DEMETRIOS [/vc_column_text][vc_empty_space height=&#8221;10px&#8221;][vc_column_text] A mais&#8230;</p>

<!-- This site is optimized with the Yoast SEO plugin v20.3 - https://yoast.com/wordpress/plugins/seo/ -->
<title>Vestidos de Noiva Coleção Demetrios - Vestido de Noiva RJ</title>
<meta name="robots" content="index, follow, max-snippet:-1, max-image-preview:large, max-video-preview:-1" />
<link rel="canonical" href="https://www.ivanabeaumond.com.br/vestidos-noiva/vestidos-de-noiva-colecao-demetrios/" />
<meta property="og:locale" content="pt_BR" />
<meta property="og:type" content="article" />
<meta property="og:title" content="Vestidos de Noiva Coleção Demetrios - Vestido de Noiva RJ" />
<meta property="og:description" content="[vc_row][vc_column width=&#8221;1/1&#8243;][vc_column_text] VESTIDOS DE NOIVA COLEÇÃO DEMETRIOS [/vc_column_text][vc_empty_space height=&#8221;10px&#8221;][vc_column_text] A mais..." />
<meta property="og:url" content="https://www.ivanabeaumond.com.br/vestidos-noiva/vestidos-de-noiva-colecao-demetrios/" />
<meta property="og:site_name" content="Vestido de Noiva RJ" />
<meta property="article:publisher" content="https://www.facebook.com/ivana.beaumondnoivas" />
<meta property="article:modified_time" content="2018-11-19T20:12:41+00:00" />
<meta name="twitter:card" content="summary_large_image" />
<meta name="twitter:label1" content="Est. tempo de leitura" />
	<meta name="twitter:data1" content="1 minuto" />
<script type="application/ld+json" class="yoast-schema-graph">{"@context":"https://schema.org","@graph":[{"@type":"WebPage","@id":"https://www.ivanabeaumond.com.br/vestidos-noiva/vestidos-de-noiva-colecao-demetrios/","url":"https://www.ivanabeaumond.com.br/vestidos-noiva/vestidos-de-noiva-colecao-demetrios/","name":"Vestidos de Noiva Coleção Demetrios - Vestido de Noiva RJ","isPartOf":{"@id":"https://www.ivanabeaumond.com.br/vestidos-noiva/#website"},"datePublished":"2018-08-23T19:50:16+00:00","dateModified":"2018-11-19T20:12:41+00:00","breadcrumb":{"@id":"https://www.ivanabeaumond.com.br/vestidos-noiva/vestidos-de-noiva-colecao-demetrios/#breadcrumb"},"inLanguage":"pt-BR","potentialAction":[{"@type":"ReadAction","target":["https://www.ivanabeaumond.com.br/vestidos-noiva/vestidos-de-noiva-colecao-demetrios/"]}]},{"@type":"BreadcrumbList","@id":"https://www.ivanabeaumond.com.br/vestidos-noiva/vestidos-de-noiva-colecao-demetrios/#breadcrumb","itemListElement":[{"@type":"ListItem","position":1,"name":"Início","item":"https://www.ivanabeaumond.com.br/vestidos-noiva/"},{"@type":"ListItem","position":2,"name":"Vestidos de Noiva Coleção Demetrios"}]},{"@type":"WebSite","@id":"https://www.ivanabeaumond.com.br/vestidos-noiva/#website","url":"https://www.ivanabeaumond.com.br/vestidos-noiva/","name":"Vestido de Noiva RJ","description":"Moda Noiva","publisher":{"@id":"https://www.ivanabeaumond.com.br/vestidos-noiva/#organization"},"potentialAction":[{"@type":"SearchAction","target":{"@type":"EntryPoint","urlTemplate":"https://www.ivanabeaumond.com.br/vestidos-noiva/?s={search_term_string}"},"query-input":"required name=search_term_string"}],"inLanguage":"pt-BR"},{"@type":"Organization","@id":"https://www.ivanabeaumond.com.br/vestidos-noiva/#organization","name":"Vestido de Noiva RJ","url":"https://www.ivanabeaumond.com.br/vestidos-noiva/","logo":{"@type":"ImageObject","inLanguage":"pt-BR","@id":"https://www.ivanabeaumond.com.br/vestidos-noiva/#/schema/logo/image/","url":"https://www.ivanabeaumond.com.br/vestidos-noiva/wp-content/uploads/2018/02/logo_ivana_beaumond-2.png","contentUrl":"https://www.ivanabeaumond.com.br/vestidos-noiva/wp-content/uploads/2018/02/logo_ivana_beaumond-2.png","width":230,"height":112,"caption":"Vestido de Noiva RJ"},"image":{"@id":"https://www.ivanabeaumond.com.br/vestidos-noiva/#/schema/logo/image/"},"sameAs":["https://www.facebook.com/ivana.beaumondnoivas","https://www.instagram.com/ivanabeaumond/","https://www.tiktok.com/@ivanabeaumond"]}]}</script>
<!-- / Yoast SEO plugin. -->

Vestidos de Noiva Coleção Demetrios - Vestido de Noiva RJ

[vc_row][vc_column width=&#8221;1/1&#8243;][vc_column_text] VESTIDOS DE NOIVA COLEÇÃO DEMETRIOS [/vc_column_text][vc_empty_space height=&#8221;10px&#8221;][vc_column_text] A mais...

Início
