{"id":9952,"date":"2016-03-29T19:40:58","date_gmt":"2016-03-29T19:40:58","guid":{"rendered":"http:\/\/www.ivanabeaumond.com.br\/vestidos-noiva\/?page_id=9952"},"modified":"2018-08-27T17:48:00","modified_gmt":"2018-08-27T20:48:00","slug":"aluguel-vestido-de-noiva","status":"publish","type":"page","link":"https:\/\/www.ivanabeaumond.com.br\/vestidos-noiva\/aluguel-vestido-de-noiva\/","title":{"rendered":"Cole\u00e7\u00e3o J&#8217;Adore"},"content":{"rendered":"[vc_row][vc_column width=&#8221;1\/1&#8243;][vc_column_text]\n<h1 style=\"text-align: center;\">VESTIDOS DE NOIVA COLE\u00c7\u00c3O J&#8217;ADORE<\/h1>\n[\/vc_column_text][vc_empty_space height=&#8221;10px&#8221;][vc_column_text]\n<h5 style=\"text-align: justify;\">J`Adore \u00e9 uma sofisticada cole\u00e7\u00e3o de <em><strong>vestidos de noiva<\/strong><\/em>, que celebra o poder, a sensualidade e a confian\u00e7a da mulher moderna, e mais do que tudo o amor. Para mulheres glamorosas, audaciosas e rom\u00e2nticas que enxergam o casamento como o momento de uni\u00e3o plena entre ela e seu amor. Encante-se com cada detalhe desta cole\u00e7\u00e3o de vestidos de noiva, que com certeza vai surpreender a todos os selecionados para sua festa de casam.<\/h5>\n[\/vc_column_text][vc_empty_space height=&#8221;10px&#8221;][vc_single_image image=&#8221;9931&#8243; alignment=&#8221;center&#8221; border_color=&#8221;grey&#8221; img_link_large=&#8221;&#8221; img_link_target=&#8221;_self&#8221; img_size=&#8221;full&#8221;][vc_empty_space height=&#8221;10px&#8221;][vc_gallery type=&#8221;image_grid&#8221; interval=&#8221;3&#8243; onclick=&#8221;link_image&#8221; custom_links_target=&#8221;_self&#8221; column_number=&#8221;3&#8243; img_size=&#8221;250X319&#8243; images=&#8221;10244,10245,10246,10247,10248,10249,10250,10251,10252,10253,10254,10255,10256,10257,10258,10259,10260,10261,10262,10263,10264,10265,10266,10267,10268,10269,10270,10271,10272,10273,10274,10275,10276,10277,10278,10279,10280,10281,10282,10283,10284,10285,10286,10287,10288,10289,10290,10291,10292,10293,10294,10295,10296,10297,10298,10299,10300,10301,10302,10303,10304,10305,10306,10307,10308,10309,10310,10311,10312,10313,10314,10315,10316,10317,10318,10319,10320,10321,10322,10323,10324,10325,10326,10327,10328,10329,10330&#8243;][\/vc_column][\/vc_row]\n","protected":false},"excerpt":{"rendered":"<p>[vc_row][vc_column width=&#8221;1\/1&#8243;][vc_column_text] VESTIDOS DE NOIVA COLE\u00c7\u00c3O J&#8217;ADORE [\/vc_column_text][vc_empty_space height=&#8221;10px&#8221;][vc_column_text] J`Adore&#8230;<\/p>\n","protected":false},"author":4,"featured_media":0,"parent":0,"menu_order":0,"comment_status":"open","ping_status":"open","template":"","meta":[],"yoast_head":"<!-- This site is optimized with the Yoast SEO plugin v20.3 - https:\/\/yoast.com\/wordpress\/plugins\/seo\/ -->\n<title>Cole\u00e7\u00e3o J&#039;Adore - Vestido de Noiva RJ<\/title>\n<meta name=\"robots\" content=\"index, follow, max-snippet:-1, max-image-preview:large, max-video-preview:-1\" \/>\n<link rel=\"canonical\" href=\"https:\/\/www.ivanabeaumond.com.br\/vestidos-noiva\/aluguel-vestido-de-noiva\/\" \/>\n<meta property=\"og:locale\" content=\"pt_BR\" \/>\n<meta property=\"og:type\" content=\"article\" \/>\n<meta property=\"og:title\" content=\"Cole\u00e7\u00e3o J&#039;Adore - Vestido de Noiva RJ\" \/>\n<meta property=\"og:description\" content=\"[vc_row][vc_column width=&#8221;1\/1&#8243;][vc_column_text] VESTIDOS DE NOIVA COLE\u00c7\u00c3O J&#8217;ADORE [\/vc_column_text][vc_empty_space height=&#8221;10px&#8221;][vc_column_text] J`Adore...\" \/>\n<meta property=\"og:url\" content=\"https:\/\/www.ivanabeaumond.com.br\/vestidos-noiva\/aluguel-vestido-de-noiva\/\" \/>\n<meta property=\"og:site_name\" content=\"Vestido de Noiva RJ\" \/>\n<meta property=\"article:publisher\" content=\"https:\/\/www.facebook.com\/ivana.beaumondnoivas\" \/>\n<meta property=\"article:modified_time\" content=\"2018-08-27T20:48:00+00:00\" \/>\n<meta name=\"twitter:card\" content=\"summary_large_image\" \/>\n<meta name=\"twitter:label1\" content=\"Est. tempo de leitura\" \/>\n\t<meta name=\"twitter:data1\" content=\"1 minuto\" \/>\n<script type=\"application\/ld+json\" class=\"yoast-schema-graph\">{\"@context\":\"https:\/\/schema.org\",\"@graph\":[{\"@type\":\"WebPage\",\"@id\":\"https:\/\/www.ivanabeaumond.com.br\/vestidos-noiva\/aluguel-vestido-de-noiva\/\",\"url\":\"https:\/\/www.ivanabeaumond.com.br\/vestidos-noiva\/aluguel-vestido-de-noiva\/\",\"name\":\"Cole\u00e7\u00e3o J'Adore - Vestido de Noiva RJ\",\"isPartOf\":{\"@id\":\"https:\/\/www.ivanabeaumond.com.br\/vestidos-noiva\/#website\"},\"datePublished\":\"2016-03-29T19:40:58+00:00\",\"dateModified\":\"2018-08-27T20:48:00+00:00\",\"breadcrumb\":{\"@id\":\"https:\/\/www.ivanabeaumond.com.br\/vestidos-noiva\/aluguel-vestido-de-noiva\/#breadcrumb\"},\"inLanguage\":\"pt-BR\",\"potentialAction\":[{\"@type\":\"ReadAction\",\"target\":[\"https:\/\/www.ivanabeaumond.com.br\/vestidos-noiva\/aluguel-vestido-de-noiva\/\"]}]},{\"@type\":\"BreadcrumbList\",\"@id\":\"https:\/\/www.ivanabeaumond.com.br\/vestidos-noiva\/aluguel-vestido-de-noiva\/#breadcrumb\",\"itemListElement\":[{\"@type\":\"ListItem\",\"position\":1,\"name\":\"In\u00edcio\",\"item\":\"https:\/\/www.ivanabeaumond.com.br\/vestidos-noiva\/\"},{\"@type\":\"ListItem\",\"position\":2,\"name\":\"Cole\u00e7\u00e3o J&#8217;Adore\"}]},{\"@type\":\"WebSite\",\"@id\":\"https:\/\/www.ivanabeaumond.com.br\/vestidos-noiva\/#website\",\"url\":\"https:\/\/www.ivanabeaumond.com.br\/vestidos-noiva\/\",\"name\":\"Vestido de Noiva RJ\",\"description\":\"Moda Noiva\",\"publisher\":{\"@id\":\"https:\/\/www.ivanabeaumond.com.br\/vestidos-noiva\/#organization\"},\"potentialAction\":[{\"@type\":\"SearchAction\",\"target\":{\"@type\":\"EntryPoint\",\"urlTemplate\":\"https:\/\/www.ivanabeaumond.com.br\/vestidos-noiva\/?s={search_term_string}\"},\"query-input\":\"required name=search_term_string\"}],\"inLanguage\":\"pt-BR\"},{\"@type\":\"Organization\",\"@id\":\"https:\/\/www.ivanabeaumond.com.br\/vestidos-noiva\/#organization\",\"name\":\"Vestido de Noiva RJ\",\"url\":\"https:\/\/www.ivanabeaumond.com.br\/vestidos-noiva\/\",\"logo\":{\"@type\":\"ImageObject\",\"inLanguage\":\"pt-BR\",\"@id\":\"https:\/\/www.ivanabeaumond.com.br\/vestidos-noiva\/#\/schema\/logo\/image\/\",\"url\":\"https:\/\/www.ivanabeaumond.com.br\/vestidos-noiva\/wp-content\/uploads\/2018\/02\/logo_ivana_beaumond-2.png\",\"contentUrl\":\"https:\/\/www.ivanabeaumond.com.br\/vestidos-noiva\/wp-content\/uploads\/2018\/02\/logo_ivana_beaumond-2.png\",\"width\":230,\"height\":112,\"caption\":\"Vestido de Noiva RJ\"},\"image\":{\"@id\":\"https:\/\/www.ivanabeaumond.com.br\/vestidos-noiva\/#\/schema\/logo\/image\/\"},\"sameAs\":[\"https:\/\/www.facebook.com\/ivana.beaumondnoivas\",\"https:\/\/www.instagram.com\/ivanabeaumond\/\",\"https:\/\/www.tiktok.com\/@ivanabeaumond\"]}]}<\/script>\n<!-- \/ Yoast SEO plugin. -->","yoast_head_json":{"title":"Cole\u00e7\u00e3o J'Adore - Vestido de Noiva RJ","robots":{"index":"index","follow":"follow","max-snippet":"max-snippet:-1","max-image-preview":"max-image-preview:large","max-video-preview":"max-video-preview:-1"},"canonical":"https:\/\/www.ivanabeaumond.com.br\/vestidos-noiva\/aluguel-vestido-de-noiva\/","og_locale":"pt_BR","og_type":"article","og_title":"Cole\u00e7\u00e3o J'Adore - Vestido de Noiva RJ","og_description":"[vc_row][vc_column width=&#8221;1\/1&#8243;][vc_column_text] VESTIDOS DE NOIVA COLE\u00c7\u00c3O J&#8217;ADORE [\/vc_column_text][vc_empty_space height=&#8221;10px&#8221;][vc_column_text] J`Adore...","og_url":"https:\/\/www.ivanabeaumond.com.br\/vestidos-noiva\/aluguel-vestido-de-noiva\/","og_site_name":"Vestido de Noiva RJ","article_publisher":"https:\/\/www.facebook.com\/ivana.beaumondnoivas","article_modified_time":"2018-08-27T20:48:00+00:00","twitter_card":"summary_large_image","twitter_misc":{"Est. tempo de leitura":"1 minuto"},"schema":{"@context":"https:\/\/schema.org","@graph":[{"@type":"WebPage","@id":"https:\/\/www.ivanabeaumond.com.br\/vestidos-noiva\/aluguel-vestido-de-noiva\/","url":"https:\/\/www.ivanabeaumond.com.br\/vestidos-noiva\/aluguel-vestido-de-noiva\/","name":"Cole\u00e7\u00e3o J'Adore - Vestido de Noiva RJ","isPartOf":{"@id":"https:\/\/www.ivanabeaumond.com.br\/vestidos-noiva\/#website"},"datePublished":"2016-03-29T19:40:58+00:00","dateModified":"2018-08-27T20:48:00+00:00","breadcrumb":{"@id":"https:\/\/www.ivanabeaumond.com.br\/vestidos-noiva\/aluguel-vestido-de-noiva\/#breadcrumb"},"inLanguage":"pt-BR","potentialAction":[{"@type":"ReadAction","target":["https:\/\/www.ivanabeaumond.com.br\/vestidos-noiva\/aluguel-vestido-de-noiva\/"]}]},{"@type":"BreadcrumbList","@id":"https:\/\/www.ivanabeaumond.com.br\/vestidos-noiva\/aluguel-vestido-de-noiva\/#breadcrumb","itemListElement":[{"@type":"ListItem","position":1,"name":"In\u00edcio","item":"https:\/\/www.ivanabeaumond.com.br\/vestidos-noiva\/"},{"@type":"ListItem","position":2,"name":"Cole\u00e7\u00e3o J&#8217;Adore"}]},{"@type":"WebSite","@id":"https:\/\/www.ivanabeaumond.com.br\/vestidos-noiva\/#website","url":"https:\/\/www.ivanabeaumond.com.br\/vestidos-noiva\/","name":"Vestido de Noiva RJ","description":"Moda Noiva","publisher":{"@id":"https:\/\/www.ivanabeaumond.com.br\/vestidos-noiva\/#organization"},"potentialAction":[{"@type":"SearchAction","target":{"@type":"EntryPoint","urlTemplate":"https:\/\/www.ivanabeaumond.com.br\/vestidos-noiva\/?s={search_term_string}"},"query-input":"required name=search_term_string"}],"inLanguage":"pt-BR"},{"@type":"Organization","@id":"https:\/\/www.ivanabeaumond.com.br\/vestidos-noiva\/#organization","name":"Vestido de Noiva RJ","url":"https:\/\/www.ivanabeaumond.com.br\/vestidos-noiva\/","logo":{"@type":"ImageObject","inLanguage":"pt-BR","@id":"https:\/\/www.ivanabeaumond.com.br\/vestidos-noiva\/#\/schema\/logo\/image\/","url":"https:\/\/www.ivanabeaumond.com.br\/vestidos-noiva\/wp-content\/uploads\/2018\/02\/logo_ivana_beaumond-2.png","contentUrl":"https:\/\/www.ivanabeaumond.com.br\/vestidos-noiva\/wp-content\/uploads\/2018\/02\/logo_ivana_beaumond-2.png","width":230,"height":112,"caption":"Vestido de Noiva RJ"},"image":{"@id":"https:\/\/www.ivanabeaumond.com.br\/vestidos-noiva\/#\/schema\/logo\/image\/"},"sameAs":["https:\/\/www.facebook.com\/ivana.beaumondnoivas","https:\/\/www.instagram.com\/ivanabeaumond\/","https:\/\/www.tiktok.com\/@ivanabeaumond"]}]}},"_links":{"self":[{"href":"https:\/\/www.ivanabeaumond.com.br\/vestidos-noiva\/wp-json\/wp\/v2\/pages\/9952"}],"collection":[{"href":"https:\/\/www.ivanabeaumond.com.br\/vestidos-noiva\/wp-json\/wp\/v2\/pages"}],"about":[{"href":"https:\/\/www.ivanabeaumond.com.br\/vestidos-noiva\/wp-json\/wp\/v2\/types\/page"}],"author":[{"embeddable":true,"href":"https:\/\/www.ivanabeaumond.com.br\/vestidos-noiva\/wp-json\/wp\/v2\/users\/4"}],"replies":[{"embeddable":true,"href":"https:\/\/www.ivanabeaumond.com.br\/vestidos-noiva\/wp-json\/wp\/v2\/comments?post=9952"}],"version-history":[{"count":7,"href":"https:\/\/www.ivanabeaumond.com.br\/vestidos-noiva\/wp-json\/wp\/v2\/pages\/9952\/revisions"}],"predecessor-version":[{"id":15357,"href":"https:\/\/www.ivanabeaumond.com.br\/vestidos-noiva\/wp-json\/wp\/v2\/pages\/9952\/revisions\/15357"}],"wp:attachment":[{"href":"https:\/\/www.ivanabeaumond.com.br\/vestidos-noiva\/wp-json\/wp\/v2\/media?parent=9952"}],"curies":[{"name":"wp","href":"https:\/\/api.w.org\/{rel}","templated":true}]}}

Coleção J&#8217;Adore

[vc_row][vc_column width=&#8221;1/1&#8243;][vc_column_text]
<h1 style="text-align: center;">VESTIDOS DE NOIVA COLEÇÃO J&#8217;ADORE</h1>
[/vc_column_text][vc_empty_space height=&#8221;10px&#8221;][vc_column_text]
<h5 style="text-align: justify;">J`Adore é uma sofisticada coleção de <em><strong>vestidos de noiva</strong></em>, que celebra o poder, a sensualidade e a confiança da mulher moderna, e mais do que tudo o amor. Para mulheres glamorosas, audaciosas e românticas que enxergam o casamento como o momento de união plena entre ela e seu amor. Encante-se com cada detalhe desta coleção de vestidos de noiva, que com certeza vai surpreender a todos os selecionados para sua festa de casam.</h5>
[/vc_column_text][vc_empty_space height=&#8221;10px&#8221;][vc_single_image image=&#8221;9931&#8243; alignment=&#8221;center&#8221; border_color=&#8221;grey&#8221; img_link_large=&#8221;&#8221; img_link_target=&#8221;_self&#8221; img_size=&#8221;full&#8221;][vc_empty_space height=&#8221;10px&#8221;][vc_gallery type=&#8221;image_grid&#8221; interval=&#8221;3&#8243; onclick=&#8221;link_image&#8221; custom_links_target=&#8221;_self&#8221; column_number=&#8221;3&#8243; img_size=&#8221;250X319&#8243; images=&#8221;10244,10245,10246,10247,10248,10249,10250,10251,10252,10253,10254,10255,10256,10257,10258,10259,10260,10261,10262,10263,10264,10265,10266,10267,10268,10269,10270,10271,10272,10273,10274,10275,10276,10277,10278,10279,10280,10281,10282,10283,10284,10285,10286,10287,10288,10289,10290,10291,10292,10293,10294,10295,10296,10297,10298,10299,10300,10301,10302,10303,10304,10305,10306,10307,10308,10309,10310,10311,10312,10313,10314,10315,10316,10317,10318,10319,10320,10321,10322,10323,10324,10325,10326,10327,10328,10329,10330&#8243;][/vc_column][/vc_row]

<p>[vc_row][vc_column width=&#8221;1/1&#8243;][vc_column_text] VESTIDOS DE NOIVA COLEÇÃO J&#8217;ADORE [/vc_column_text][vc_empty_space height=&#8221;10px&#8221;][vc_column_text] J`Adore&#8230;</p>

<!-- This site is optimized with the Yoast SEO plugin v20.3 - https://yoast.com/wordpress/plugins/seo/ -->
<title>Coleção J&#039;Adore - Vestido de Noiva RJ</title>
<meta name="robots" content="index, follow, max-snippet:-1, max-image-preview:large, max-video-preview:-1" />
<link rel="canonical" href="https://www.ivanabeaumond.com.br/vestidos-noiva/aluguel-vestido-de-noiva/" />
<meta property="og:locale" content="pt_BR" />
<meta property="og:type" content="article" />
<meta property="og:title" content="Coleção J&#039;Adore - Vestido de Noiva RJ" />
<meta property="og:description" content="[vc_row][vc_column width=&#8221;1/1&#8243;][vc_column_text] VESTIDOS DE NOIVA COLEÇÃO J&#8217;ADORE [/vc_column_text][vc_empty_space height=&#8221;10px&#8221;][vc_column_text] J`Adore..." />
<meta property="og:url" content="https://www.ivanabeaumond.com.br/vestidos-noiva/aluguel-vestido-de-noiva/" />
<meta property="og:site_name" content="Vestido de Noiva RJ" />
<meta property="article:publisher" content="https://www.facebook.com/ivana.beaumondnoivas" />
<meta property="article:modified_time" content="2018-08-27T20:48:00+00:00" />
<meta name="twitter:card" content="summary_large_image" />
<meta name="twitter:label1" content="Est. tempo de leitura" />
	<meta name="twitter:data1" content="1 minuto" />
<script type="application/ld+json" class="yoast-schema-graph">{"@context":"https://schema.org","@graph":[{"@type":"WebPage","@id":"https://www.ivanabeaumond.com.br/vestidos-noiva/aluguel-vestido-de-noiva/","url":"https://www.ivanabeaumond.com.br/vestidos-noiva/aluguel-vestido-de-noiva/","name":"Coleção J'Adore - Vestido de Noiva RJ","isPartOf":{"@id":"https://www.ivanabeaumond.com.br/vestidos-noiva/#website"},"datePublished":"2016-03-29T19:40:58+00:00","dateModified":"2018-08-27T20:48:00+00:00","breadcrumb":{"@id":"https://www.ivanabeaumond.com.br/vestidos-noiva/aluguel-vestido-de-noiva/#breadcrumb"},"inLanguage":"pt-BR","potentialAction":[{"@type":"ReadAction","target":["https://www.ivanabeaumond.com.br/vestidos-noiva/aluguel-vestido-de-noiva/"]}]},{"@type":"BreadcrumbList","@id":"https://www.ivanabeaumond.com.br/vestidos-noiva/aluguel-vestido-de-noiva/#breadcrumb","itemListElement":[{"@type":"ListItem","position":1,"name":"Início","item":"https://www.ivanabeaumond.com.br/vestidos-noiva/"},{"@type":"ListItem","position":2,"name":"Coleção J&#8217;Adore"}]},{"@type":"WebSite","@id":"https://www.ivanabeaumond.com.br/vestidos-noiva/#website","url":"https://www.ivanabeaumond.com.br/vestidos-noiva/","name":"Vestido de Noiva RJ","description":"Moda Noiva","publisher":{"@id":"https://www.ivanabeaumond.com.br/vestidos-noiva/#organization"},"potentialAction":[{"@type":"SearchAction","target":{"@type":"EntryPoint","urlTemplate":"https://www.ivanabeaumond.com.br/vestidos-noiva/?s={search_term_string}"},"query-input":"required name=search_term_string"}],"inLanguage":"pt-BR"},{"@type":"Organization","@id":"https://www.ivanabeaumond.com.br/vestidos-noiva/#organization","name":"Vestido de Noiva RJ","url":"https://www.ivanabeaumond.com.br/vestidos-noiva/","logo":{"@type":"ImageObject","inLanguage":"pt-BR","@id":"https://www.ivanabeaumond.com.br/vestidos-noiva/#/schema/logo/image/","url":"https://www.ivanabeaumond.com.br/vestidos-noiva/wp-content/uploads/2018/02/logo_ivana_beaumond-2.png","contentUrl":"https://www.ivanabeaumond.com.br/vestidos-noiva/wp-content/uploads/2018/02/logo_ivana_beaumond-2.png","width":230,"height":112,"caption":"Vestido de Noiva RJ"},"image":{"@id":"https://www.ivanabeaumond.com.br/vestidos-noiva/#/schema/logo/image/"},"sameAs":["https://www.facebook.com/ivana.beaumondnoivas","https://www.instagram.com/ivanabeaumond/","https://www.tiktok.com/@ivanabeaumond"]}]}</script>
<!-- / Yoast SEO plugin. -->

Coleção J'Adore - Vestido de Noiva RJ

[vc_row][vc_column width=&#8221;1/1&#8243;][vc_column_text] VESTIDOS DE NOIVA COLEÇÃO J&#8217;ADORE [/vc_column_text][vc_empty_space height=&#8221;10px&#8221;][vc_column_text] J`Adore...

Início
